{"id":1150,"date":"2022-05-23T10:45:53","date_gmt":"2022-05-23T08:45:53","guid":{"rendered":"https:\/\/www.dinardopeningfestival.fr\/?page_id=1150"},"modified":"2022-08-19T16:04:38","modified_gmt":"2022-08-19T14:04:38","slug":"felicity-lott-jacqueline-bourges-maunoury-lambert-wilson","status":"publish","type":"page","link":"https:\/\/www.dinardopeningfestival.fr\/index.php\/felicity-lott-jacqueline-bourges-maunoury-lambert-wilson\/","title":{"rendered":"Felicity Lott, Lambert Wilson, Jacqueline Bourg\u00e8s-Maunoury"},"content":{"rendered":"<div class=\"wp-block-image\">\n<figure class=\"aligncenter size-large\"><img loading=\"lazy\" decoding=\"async\" width=\"1024\" height=\"645\" src=\"https:\/\/www.dinardopeningfestival.fr\/wp-content\/uploads\/2022\/05\/Montage-X3-copie-1024x645.jpg\" alt=\"\" class=\"wp-image-1151\" srcset=\"https:\/\/www.dinardopeningfestival.fr\/wp-content\/uploads\/2022\/05\/Montage-X3-copie-1024x645.jpg 1024w, https:\/\/www.dinardopeningfestival.fr\/wp-content\/uploads\/2022\/05\/Montage-X3-copie-300x189.jpg 300w, https:\/\/www.dinardopeningfestival.fr\/wp-content\/uploads\/2022\/05\/Montage-X3-copie-768x484.jpg 768w, https:\/\/www.dinardopeningfestival.fr\/wp-content\/uploads\/2022\/05\/Montage-X3-copie-1536x967.jpg 1536w, https:\/\/www.dinardopeningfestival.fr\/wp-content\/uploads\/2022\/05\/Montage-X3-copie-24x15.jpg 24w, https:\/\/www.dinardopeningfestival.fr\/wp-content\/uploads\/2022\/05\/Montage-X3-copie-36x23.jpg 36w, https:\/\/www.dinardopeningfestival.fr\/wp-content\/uploads\/2022\/05\/Montage-X3-copie-48x30.jpg 48w, https:\/\/www.dinardopeningfestival.fr\/wp-content\/uploads\/2022\/05\/Montage-X3-copie.jpg 1839w\" sizes=\"auto, (max-width: 1024px) 100vw, 1024px\" \/><figcaption>\u00a9 Dr \u00a9 Trevor-Leighton \u00a9 DR<\/figcaption><\/figure>\n<\/div>\n\n\n<h3 class=\"has-text-align-right wp-block-heading\">Jeudi 4 ao\u00fbt 2022 &#8211; 20 h 30 &#8211; Th\u00e9\u00e2tre Debussy<br><a href=\"https:\/\/indiv.themisweb.fr\/0534\/fListeManifs.aspx?idstructure=0534\">Achetez votre billet<\/a><\/h3>\n\n\n\n<p class=\"has-text-align-center\"><br>Une entente very cordiale en m\u00e9lodies et songs ! <br><br>Le concert d\u2019ouverture offre une affiche exceptionnelle : <br><strong>Lambert Wilson<\/strong>, parrain de Dinard Opening 2022, chantera en compagnie de la grande soprano anglaise Felicity Lott. Ils seront tous deux accompagn\u00e9s par leur complice de longue date, bien connue des Dinardais, la pianiste Jacqueline Bourg\u00e8s-Maunoury. Le trio a \u00e9labor\u00e9 ce programme in\u00e9dit tout sp\u00e9cialement pour Dinard Opening, dans la bonne humeur et l\u2019ouverture d\u2019esprit qui les caract\u00e9risent\u2026 <br>et que le festival revendique.<br><br><strong>Felicity Lott <\/strong>est sans conteste la plus francophile des sopranos britanniques qui pr\u00eate sa voix depuis ses d\u00e9buts aux grands r\u00f4les du r\u00e9pertoire lyrique, et r\u00e9serve aux op\u00e9rettes fran\u00e7aises un humour typiquement british ! D\u00e8s les tout d\u00e9buts de sa carri\u00e8re, les maisons d\u2019op\u00e9ra du monde entier font appel \u00e0 son talent : de Vienne \u00e0 Paris, de Munich \u00e0 New York\u2026 Elle chantera Strauss, Mozart, Britten et Poulenc, ses compositeurs de pr\u00e9dilection, sous la direction de chefs renomm\u00e9s, <br>comme B. Haitink, C. Kleiber, Sir Simon Rattle\u2026<br><br><strong>Jacqueline Bourg\u00e8s-Maunoury<\/strong> partage r\u00e9guli\u00e8rement la sc\u00e8ne avec Dame Felicity Lott. Elles ont cr\u00e9\u00e9 ensemble plusieurs spectacles musicaux et litt\u00e9raires, dont \u00abUn amour \u00e9nigmatique\u00bb d\u2019apr\u00e8s la correspondance d\u2019Ivan Tourgueniev et Pauline Viardot, avec Lambert Wilson. Invit\u00e9e de nombreux festivals, en soliste ou en musique de chambre, Jacqueline Bourg\u00e8s-Maunoury a jou\u00e9 dans les salles les plus prestigieuses. Ses trois disques consacr\u00e9s \u00e0 Mendelssohn, Schumann et Chopin-Rachmaninov ont \u00e9t\u00e9 vivement salu\u00e9s par la critique. Son dernier opus \u00abVariations des cimes\u00bb, consacr\u00e9 aux grandes variations de Franck, Bach-Busoni, Brahms et Liszt, a re\u00e7u la mention sp\u00e9ciale \u00abMaestro\u00bb de la revue Pianiste Magazine.<\/p>\n\n\n\n<hr class=\"wp-block-separator has-css-opacity is-style-wide\"\/>\n\n\n<div class=\"wp-block-image\">\n<figure class=\"aligncenter size-large is-resized\"><img loading=\"lazy\" decoding=\"async\" src=\"https:\/\/www.dinardopeningfestival.fr\/wp-content\/uploads\/2022\/08\/\u00a9_CANDIDE_CAMERA_3206-3-1024x683.jpg\" alt=\"\" class=\"wp-image-1499\" width=\"990\" height=\"660\" srcset=\"https:\/\/www.dinardopeningfestival.fr\/wp-content\/uploads\/2022\/08\/\u00a9_CANDIDE_CAMERA_3206-3-1024x683.jpg 1024w, https:\/\/www.dinardopeningfestival.fr\/wp-content\/uploads\/2022\/08\/\u00a9_CANDIDE_CAMERA_3206-3-300x200.jpg 300w, https:\/\/www.dinardopeningfestival.fr\/wp-content\/uploads\/2022\/08\/\u00a9_CANDIDE_CAMERA_3206-3-768x512.jpg 768w, https:\/\/www.dinardopeningfestival.fr\/wp-content\/uploads\/2022\/08\/\u00a9_CANDIDE_CAMERA_3206-3-1536x1025.jpg 1536w, https:\/\/www.dinardopeningfestival.fr\/wp-content\/uploads\/2022\/08\/\u00a9_CANDIDE_CAMERA_3206-3-24x16.jpg 24w, https:\/\/www.dinardopeningfestival.fr\/wp-content\/uploads\/2022\/08\/\u00a9_CANDIDE_CAMERA_3206-3-36x24.jpg 36w, https:\/\/www.dinardopeningfestival.fr\/wp-content\/uploads\/2022\/08\/\u00a9_CANDIDE_CAMERA_3206-3-48x32.jpg 48w, https:\/\/www.dinardopeningfestival.fr\/wp-content\/uploads\/2022\/08\/\u00a9_CANDIDE_CAMERA_3206-3.jpg 1920w\" sizes=\"auto, (max-width: 990px) 100vw, 990px\" \/><figcaption>\u00a9 Nad\u00e8ge Samson<\/figcaption><\/figure>\n<\/div>\n\n\n<h3 class=\"wp-block-heading\">Dame Felicity LOTT, soprano<br>Lambert WILSON, baryton<br>JACQUELINE BOURG\u00c8S-MAUNOURY, PIANO<\/h3>\n","protected":false},"excerpt":{"rendered":"<p>Jeudi 4 ao\u00fbt 2022 &#8211; 20 h 30 &#8211; Th\u00e9\u00e2tre DebussyAchetez votre billet Une entente very cordiale en m\u00e9lodies et songs ! Le concert d\u2019ouverture offre une affiche exceptionnelle : Lambert Wilson, parrain de Dinard Opening 2022, chantera en compagnie de la grande soprano anglaise Felicity Lott. Ils seront tous deux accompagn\u00e9s par leur complice [&hellip;]<\/p>\n","protected":false},"author":1,"featured_media":0,"parent":0,"menu_order":0,"comment_status":"closed","ping_status":"closed","template":"","meta":{"footnotes":""},"class_list":["post-1150","page","type-page","status-publish","hentry"],"yoast_head":"<!-- This site is optimized with the Yoast SEO plugin v19.2 - https:\/\/yoast.com\/wordpress\/plugins\/seo\/ -->\n<title>Felicity Lott, Lambert Wilson, Jacqueline Bourg\u00e8s-Maunoury - Festival Dinard Opening<\/title>\n<meta name=\"robots\" content=\"index, follow, max-snippet:-1, max-image-preview:large, max-video-preview:-1\" \/>\n<link rel=\"canonical\" href=\"https:\/\/www.dinardopeningfestival.fr\/index.php\/felicity-lott-jacqueline-bourges-maunoury-lambert-wilson\/\" \/>\n<meta property=\"og:locale\" content=\"fr_FR\" \/>\n<meta property=\"og:type\" content=\"article\" \/>\n<meta property=\"og:title\" content=\"Felicity Lott, Lambert Wilson, Jacqueline Bourg\u00e8s-Maunoury - Festival Dinard Opening\" \/>\n<meta property=\"og:description\" content=\"Jeudi 4 ao\u00fbt 2022 &#8211; 20 h 30 &#8211; Th\u00e9\u00e2tre DebussyAchetez votre billet Une entente very cordiale en m\u00e9lodies et songs ! Le concert d\u2019ouverture offre une affiche exceptionnelle : Lambert Wilson, parrain de Dinard Opening 2022, chantera en compagnie de la grande soprano anglaise Felicity Lott. Ils seront tous deux accompagn\u00e9s par leur complice [&hellip;]\" \/>\n<meta property=\"og:url\" content=\"https:\/\/www.dinardopeningfestival.fr\/index.php\/felicity-lott-jacqueline-bourges-maunoury-lambert-wilson\/\" \/>\n<meta property=\"og:site_name\" content=\"Festival Dinard Opening\" \/>\n<meta property=\"article:publisher\" content=\"https:\/\/www.facebook.com\/DinardOpeningFestival\" \/>\n<meta property=\"article:modified_time\" content=\"2022-08-19T14:04:38+00:00\" \/>\n<meta property=\"og:image\" content=\"https:\/\/www.dinardopeningfestival.fr\/wp-content\/uploads\/2022\/05\/Montage-X3-copie-1024x645.jpg\" \/>\n<meta name=\"author\" content=\"admin4235\" \/>\n<meta name=\"twitter:card\" content=\"summary_large_image\" \/>\n<meta name=\"twitter:label1\" content=\"Dur\u00e9e de lecture estim\u00e9e\" \/>\n\t<meta name=\"twitter:data1\" content=\"2 minutes\" \/>\n<script type=\"application\/ld+json\" class=\"yoast-schema-graph\">{\"@context\":\"https:\/\/schema.org\",\"@graph\":[{\"@type\":\"Organization\",\"@id\":\"http:\/\/www.dinardopeningfestival.fr\/#organization\",\"name\":\"Festival Dinard Opening\",\"url\":\"http:\/\/www.dinardopeningfestival.fr\/\",\"sameAs\":[\"https:\/\/www.instagram.com\/dinardopening\/\",\"https:\/\/www.facebook.com\/DinardOpeningFestival\"],\"logo\":{\"@type\":\"ImageObject\",\"inLanguage\":\"fr-FR\",\"@id\":\"http:\/\/www.dinardopeningfestival.fr\/#\/schema\/logo\/image\/\",\"url\":\"https:\/\/www.dinardopeningfestival.fr\/wp-content\/uploads\/2021\/06\/Logo-Dinard-bleu-opening-rouge-1-scaled.jpg\",\"contentUrl\":\"https:\/\/www.dinardopeningfestival.fr\/wp-content\/uploads\/2021\/06\/Logo-Dinard-bleu-opening-rouge-1-scaled.jpg\",\"width\":2560,\"height\":1810,\"caption\":\"Festival Dinard Opening\"},\"image\":{\"@id\":\"http:\/\/www.dinardopeningfestival.fr\/#\/schema\/logo\/image\/\"}},{\"@type\":\"WebSite\",\"@id\":\"http:\/\/www.dinardopeningfestival.fr\/#website\",\"url\":\"http:\/\/www.dinardopeningfestival.fr\/\",\"name\":\"Festival Dinard Opening\",\"description\":\"Le Festival des Musiques Britanniques\",\"publisher\":{\"@id\":\"http:\/\/www.dinardopeningfestival.fr\/#organization\"},\"potentialAction\":[{\"@type\":\"SearchAction\",\"target\":{\"@type\":\"EntryPoint\",\"urlTemplate\":\"http:\/\/www.dinardopeningfestival.fr\/?s={search_term_string}\"},\"query-input\":\"required name=search_term_string\"}],\"inLanguage\":\"fr-FR\"},{\"@type\":\"ImageObject\",\"inLanguage\":\"fr-FR\",\"@id\":\"https:\/\/www.dinardopeningfestival.fr\/index.php\/felicity-lott-jacqueline-bourges-maunoury-lambert-wilson\/#primaryimage\",\"url\":\"https:\/\/www.dinardopeningfestival.fr\/wp-content\/uploads\/2022\/05\/Montage-X3-copie-1024x645.jpg\",\"contentUrl\":\"https:\/\/www.dinardopeningfestival.fr\/wp-content\/uploads\/2022\/05\/Montage-X3-copie-1024x645.jpg\"},{\"@type\":\"WebPage\",\"@id\":\"https:\/\/www.dinardopeningfestival.fr\/index.php\/felicity-lott-jacqueline-bourges-maunoury-lambert-wilson\/#webpage\",\"url\":\"https:\/\/www.dinardopeningfestival.fr\/index.php\/felicity-lott-jacqueline-bourges-maunoury-lambert-wilson\/\",\"name\":\"Felicity Lott, Lambert Wilson, Jacqueline Bourg\u00e8s-Maunoury - Festival Dinard Opening\",\"isPartOf\":{\"@id\":\"http:\/\/www.dinardopeningfestival.fr\/#website\"},\"primaryImageOfPage\":{\"@id\":\"https:\/\/www.dinardopeningfestival.fr\/index.php\/felicity-lott-jacqueline-bourges-maunoury-lambert-wilson\/#primaryimage\"},\"datePublished\":\"2022-05-23T08:45:53+00:00\",\"dateModified\":\"2022-08-19T14:04:38+00:00\",\"breadcrumb\":{\"@id\":\"https:\/\/www.dinardopeningfestival.fr\/index.php\/felicity-lott-jacqueline-bourges-maunoury-lambert-wilson\/#breadcrumb\"},\"inLanguage\":\"fr-FR\",\"potentialAction\":[{\"@type\":\"ReadAction\",\"target\":[\"https:\/\/www.dinardopeningfestival.fr\/index.php\/felicity-lott-jacqueline-bourges-maunoury-lambert-wilson\/\"]}]},{\"@type\":\"BreadcrumbList\",\"@id\":\"https:\/\/www.dinardopeningfestival.fr\/index.php\/felicity-lott-jacqueline-bourges-maunoury-lambert-wilson\/#breadcrumb\",\"itemListElement\":[{\"@type\":\"ListItem\",\"position\":1,\"name\":\"Accueil\",\"item\":\"http:\/\/www.dinardopeningfestival.fr\/\"},{\"@type\":\"ListItem\",\"position\":2,\"name\":\"Felicity Lott, Lambert Wilson, Jacqueline Bourg\u00e8s-Maunoury\"}]}]}<\/script>\n<!-- \/ Yoast SEO plugin. -->","yoast_head_json":{"title":"Felicity Lott, Lambert Wilson, Jacqueline Bourg\u00e8s-Maunoury - Festival Dinard Opening","robots":{"index":"index","follow":"follow","max-snippet":"max-snippet:-1","max-image-preview":"max-image-preview:large","max-video-preview":"max-video-preview:-1"},"canonical":"https:\/\/www.dinardopeningfestival.fr\/index.php\/felicity-lott-jacqueline-bourges-maunoury-lambert-wilson\/","og_locale":"fr_FR","og_type":"article","og_title":"Felicity Lott, Lambert Wilson, Jacqueline Bourg\u00e8s-Maunoury - Festival Dinard Opening","og_description":"Jeudi 4 ao\u00fbt 2022 &#8211; 20 h 30 &#8211; Th\u00e9\u00e2tre DebussyAchetez votre billet Une entente very cordiale en m\u00e9lodies et songs ! Le concert d\u2019ouverture offre une affiche exceptionnelle : Lambert Wilson, parrain de Dinard Opening 2022, chantera en compagnie de la grande soprano anglaise Felicity Lott. Ils seront tous deux accompagn\u00e9s par leur complice [&hellip;]","og_url":"https:\/\/www.dinardopeningfestival.fr\/index.php\/felicity-lott-jacqueline-bourges-maunoury-lambert-wilson\/","og_site_name":"Festival Dinard Opening","article_publisher":"https:\/\/www.facebook.com\/DinardOpeningFestival","article_modified_time":"2022-08-19T14:04:38+00:00","og_image":[{"url":"https:\/\/www.dinardopeningfestival.fr\/wp-content\/uploads\/2022\/05\/Montage-X3-copie-1024x645.jpg"}],"author":"admin4235","twitter_card":"summary_large_image","twitter_misc":{"Dur\u00e9e de lecture estim\u00e9e":"2 minutes"},"schema":{"@context":"https:\/\/schema.org","@graph":[{"@type":"Organization","@id":"http:\/\/www.dinardopeningfestival.fr\/#organization","name":"Festival Dinard Opening","url":"http:\/\/www.dinardopeningfestival.fr\/","sameAs":["https:\/\/www.instagram.com\/dinardopening\/","https:\/\/www.facebook.com\/DinardOpeningFestival"],"logo":{"@type":"ImageObject","inLanguage":"fr-FR","@id":"http:\/\/www.dinardopeningfestival.fr\/#\/schema\/logo\/image\/","url":"https:\/\/www.dinardopeningfestival.fr\/wp-content\/uploads\/2021\/06\/Logo-Dinard-bleu-opening-rouge-1-scaled.jpg","contentUrl":"https:\/\/www.dinardopeningfestival.fr\/wp-content\/uploads\/2021\/06\/Logo-Dinard-bleu-opening-rouge-1-scaled.jpg","width":2560,"height":1810,"caption":"Festival Dinard Opening"},"image":{"@id":"http:\/\/www.dinardopeningfestival.fr\/#\/schema\/logo\/image\/"}},{"@type":"WebSite","@id":"http:\/\/www.dinardopeningfestival.fr\/#website","url":"http:\/\/www.dinardopeningfestival.fr\/","name":"Festival Dinard Opening","description":"Le Festival des Musiques Britanniques","publisher":{"@id":"http:\/\/www.dinardopeningfestival.fr\/#organization"},"potentialAction":[{"@type":"SearchAction","target":{"@type":"EntryPoint","urlTemplate":"http:\/\/www.dinardopeningfestival.fr\/?s={search_term_string}"},"query-input":"required name=search_term_string"}],"inLanguage":"fr-FR"},{"@type":"ImageObject","inLanguage":"fr-FR","@id":"https:\/\/www.dinardopeningfestival.fr\/index.php\/felicity-lott-jacqueline-bourges-maunoury-lambert-wilson\/#primaryimage","url":"https:\/\/www.dinardopeningfestival.fr\/wp-content\/uploads\/2022\/05\/Montage-X3-copie-1024x645.jpg","contentUrl":"https:\/\/www.dinardopeningfestival.fr\/wp-content\/uploads\/2022\/05\/Montage-X3-copie-1024x645.jpg"},{"@type":"WebPage","@id":"https:\/\/www.dinardopeningfestival.fr\/index.php\/felicity-lott-jacqueline-bourges-maunoury-lambert-wilson\/#webpage","url":"https:\/\/www.dinardopeningfestival.fr\/index.php\/felicity-lott-jacqueline-bourges-maunoury-lambert-wilson\/","name":"Felicity Lott, Lambert Wilson, Jacqueline Bourg\u00e8s-Maunoury - Festival Dinard Opening","isPartOf":{"@id":"http:\/\/www.dinardopeningfestival.fr\/#website"},"primaryImageOfPage":{"@id":"https:\/\/www.dinardopeningfestival.fr\/index.php\/felicity-lott-jacqueline-bourges-maunoury-lambert-wilson\/#primaryimage"},"datePublished":"2022-05-23T08:45:53+00:00","dateModified":"2022-08-19T14:04:38+00:00","breadcrumb":{"@id":"https:\/\/www.dinardopeningfestival.fr\/index.php\/felicity-lott-jacqueline-bourges-maunoury-lambert-wilson\/#breadcrumb"},"inLanguage":"fr-FR","potentialAction":[{"@type":"ReadAction","target":["https:\/\/www.dinardopeningfestival.fr\/index.php\/felicity-lott-jacqueline-bourges-maunoury-lambert-wilson\/"]}]},{"@type":"BreadcrumbList","@id":"https:\/\/www.dinardopeningfestival.fr\/index.php\/felicity-lott-jacqueline-bourges-maunoury-lambert-wilson\/#breadcrumb","itemListElement":[{"@type":"ListItem","position":1,"name":"Accueil","item":"http:\/\/www.dinardopeningfestival.fr\/"},{"@type":"ListItem","position":2,"name":"Felicity Lott, Lambert Wilson, Jacqueline Bourg\u00e8s-Maunoury"}]}]}},"_links":{"self":[{"href":"https:\/\/www.dinardopeningfestival.fr\/index.php\/wp-json\/wp\/v2\/pages\/1150","targetHints":{"allow":["GET"]}}],"collection":[{"href":"https:\/\/www.dinardopeningfestival.fr\/index.php\/wp-json\/wp\/v2\/pages"}],"about":[{"href":"https:\/\/www.dinardopeningfestival.fr\/index.php\/wp-json\/wp\/v2\/types\/page"}],"author":[{"embeddable":true,"href":"https:\/\/www.dinardopeningfestival.fr\/index.php\/wp-json\/wp\/v2\/users\/1"}],"replies":[{"embeddable":true,"href":"https:\/\/www.dinardopeningfestival.fr\/index.php\/wp-json\/wp\/v2\/comments?post=1150"}],"version-history":[{"count":15,"href":"https:\/\/www.dinardopeningfestival.fr\/index.php\/wp-json\/wp\/v2\/pages\/1150\/revisions"}],"predecessor-version":[{"id":1500,"href":"https:\/\/www.dinardopeningfestival.fr\/index.php\/wp-json\/wp\/v2\/pages\/1150\/revisions\/1500"}],"wp:attachment":[{"href":"https:\/\/www.dinardopeningfestival.fr\/index.php\/wp-json\/wp\/v2\/media?parent=1150"}],"curies":[{"name":"wp","href":"https:\/\/api.w.org\/{rel}","templated":true}]}}