{"id":1171,"date":"2022-05-23T11:36:49","date_gmt":"2022-05-23T09:36:49","guid":{"rendered":"https:\/\/www.dinardopeningfestival.fr\/?page_id=1171"},"modified":"2022-06-23T15:10:01","modified_gmt":"2022-06-23T13:10:01","slug":"gunwood","status":"publish","type":"page","link":"https:\/\/www.dinardopeningfestival.fr\/index.php\/gunwood\/","title":{"rendered":"Gunwood"},"content":{"rendered":"\n<figure class=\"wp-block-image size-large\"><img loading=\"lazy\" decoding=\"async\" width=\"1024\" height=\"679\" src=\"http:\/\/www.dinardopeningfestival.fr\/wp-content\/uploads\/2022\/05\/Gunwood3_2021_Jim-Rosemberg-min-1024x679.jpg\" alt=\"\" class=\"wp-image-1174\" srcset=\"https:\/\/www.dinardopeningfestival.fr\/wp-content\/uploads\/2022\/05\/Gunwood3_2021_Jim-Rosemberg-min-1024x679.jpg 1024w, https:\/\/www.dinardopeningfestival.fr\/wp-content\/uploads\/2022\/05\/Gunwood3_2021_Jim-Rosemberg-min-300x199.jpg 300w, https:\/\/www.dinardopeningfestival.fr\/wp-content\/uploads\/2022\/05\/Gunwood3_2021_Jim-Rosemberg-min-768x509.jpg 768w, https:\/\/www.dinardopeningfestival.fr\/wp-content\/uploads\/2022\/05\/Gunwood3_2021_Jim-Rosemberg-min-1536x1019.jpg 1536w, https:\/\/www.dinardopeningfestival.fr\/wp-content\/uploads\/2022\/05\/Gunwood3_2021_Jim-Rosemberg-min-2048x1358.jpg 2048w, https:\/\/www.dinardopeningfestival.fr\/wp-content\/uploads\/2022\/05\/Gunwood3_2021_Jim-Rosemberg-min-24x16.jpg 24w, https:\/\/www.dinardopeningfestival.fr\/wp-content\/uploads\/2022\/05\/Gunwood3_2021_Jim-Rosemberg-min-36x24.jpg 36w, https:\/\/www.dinardopeningfestival.fr\/wp-content\/uploads\/2022\/05\/Gunwood3_2021_Jim-Rosemberg-min-48x32.jpg 48w\" sizes=\"auto, (max-width: 1024px) 100vw, 1024px\" \/><figcaption>\u00a9 Jim Rosemberg<\/figcaption><\/figure>\n\n\n\n<h3 class=\"has-text-align-right wp-block-heading\">Lundi 8 ao\u00fbt 2022 &#8211; 19 h &#8211; Parc du Ch\u00e2teau H\u00e9bert<br><a href=\"https:\/\/indiv.themisweb.fr\/0534\/fListeManifs.aspx?idstructure=0534\">ACHETEZ VOTRE BILLET<\/a><\/h3>\n\n\n\n<p class=\"has-text-align-center\"><br>Imaginez-vous dans un jardin anglais pour un pique-nique chic ? <br>Comme si vous y \u00e9tiez\u2026 Le pique-nique musical est un des \u00e9v\u00e8nements traditionnels les plus courus par nos voisins d\u2019outre-Manche. <br>Dans le cadre enchanteur du Ch\u00e2teau H\u00e9bert, accueillis par la Fondation Solacroup, nous pourrons vivre ce moment de partage et de convivialit\u00e9 avec les musiciens du groupe <strong>Gunwood<\/strong>.<br><br>Oubliez les armes \u00e0 feu, ce Gun-l\u00e0, c\u2019est pour Gunnar, Gunnar Ellwanger. Une naissance en Angleterre, des parents allemands, une adolescence en r\u00e9gion parisienne apr\u00e8s une enfance outre-Rhin : et voil\u00e0 un trilingue au pr\u00e9nom\u2026 scandinave. Comme un symbole du brassage de cultures qui alimente l\u2019identit\u00e9 de Gunwood. Le \u201cwood\u201d, c\u2019est le bois, l\u2019arbre, ses racines enfouies et ses branches conqu\u00e9rantes, tels des chemins de vie qui fusionnent et se s\u00e9parent, se fendillent et repoussent de plus belle. \u00c0 quoi bon choisir entre po\u00e9sie folk et puissance rock, entre libert\u00e9 des seventies et tranchant des nineties, entre harmonies irlandaises et reliefs am\u00e9ricains quand on peut tout entrem\u00ealer et cr\u00e9er ainsi de nouvelles boutures ? <br><br>Gunnar Ellwanger (chant, guitare), Jeff Preto (basse, chant), David Jarry Lacombe (batterie, chant) : la s\u00e8ve de Gunwood se distille \u00e0 trois depuis les premiers pas d\u2019un groupe qui, dans le sillage d\u2019ensorceleurs des ann\u00e9es 2010 comme Alabama Shakes, Feist ou les Black Keys, s\u2019impose aujourd\u2019hui en ciseleur de vibrations marquantes. Fort de la ribambelle d\u2019\u00e9loges et de concerts qui avait logiquement suivi la sortie du saisissant \u201cTraveling Soul\u201d en 2017, le trio revient avec un deuxi\u00e8me album cousu de main de ma\u00eetre avec Jean Lamoot (Noir D\u00e9sir, Alain Bashung\u2026).<br><br><strong>Le parc priv\u00e9 du Ch\u00e2teau H\u00e9bert s\u2019ouvrira pour la seconde fois. <\/strong><br><br><strong>Chacun pourra y venir avec son panier, comme cela se fait couramment dans tous les parcs en Angleterre.<\/strong><\/p>\n\n\n\n<hr class=\"wp-block-separator is-style-wide\"\/>\n\n\n\n<h3 class=\"wp-block-heading\">Gunnar Ellwanger, chant, guitare<br>Jeff Preto, basse, chant<br>David Jarry Lacombe, batterie, chant<\/h3>\n\n\n\n<ul class=\"wp-block-social-links aligncenter is-layout-flex wp-block-social-links-is-layout-flex\"><li class=\"wp-social-link wp-social-link-chain  wp-block-social-link\"><a href=\"https:\/\/www.gunwoodofficial.com\/\" class=\"wp-block-social-link-anchor\"><svg width=\"24\" height=\"24\" viewBox=\"0 0 24 24\" version=\"1.1\" xmlns=\"http:\/\/www.w3.org\/2000\/svg\" aria-hidden=\"true\" focusable=\"false\"><path d=\"M15.6,7.2H14v1.5h1.6c2,0,3.7,1.7,3.7,3.7s-1.7,3.7-3.7,3.7H14v1.5h1.6c2.8,0,5.2-2.3,5.2-5.2,0-2.9-2.3-5.2-5.2-5.2zM4.7,12.4c0-2,1.7-3.7,3.7-3.7H10V7.2H8.4c-2.9,0-5.2,2.3-5.2,5.2,0,2.9,2.3,5.2,5.2,5.2H10v-1.5H8.4c-2,0-3.7-1.7-3.7-3.7zm4.6.9h5.3v-1.5H9.3v1.5z\"><\/path><\/svg><span class=\"wp-block-social-link-label screen-reader-text\">Lien<\/span><\/a><\/li>\n\n<li class=\"wp-social-link wp-social-link-facebook  wp-block-social-link\"><a href=\"https:\/\/www.facebook.com\/GunwoodCircle\/\" class=\"wp-block-social-link-anchor\"><svg width=\"24\" height=\"24\" viewBox=\"0 0 24 24\" version=\"1.1\" xmlns=\"http:\/\/www.w3.org\/2000\/svg\" aria-hidden=\"true\" focusable=\"false\"><path d=\"M12 2C6.5 2 2 6.5 2 12c0 5 3.7 9.1 8.4 9.9v-7H7.9V12h2.5V9.8c0-2.5 1.5-3.9 3.8-3.9 1.1 0 2.2.2 2.2.2v2.5h-1.3c-1.2 0-1.6.8-1.6 1.6V12h2.8l-.4 2.9h-2.3v7C18.3 21.1 22 17 22 12c0-5.5-4.5-10-10-10z\"><\/path><\/svg><span class=\"wp-block-social-link-label screen-reader-text\">Facebook<\/span><\/a><\/li>\n\n<li class=\"wp-social-link wp-social-link-instagram  wp-block-social-link\"><a href=\"https:\/\/www.instagram.com\/gunwoodofficial\/\" class=\"wp-block-social-link-anchor\"><svg width=\"24\" height=\"24\" viewBox=\"0 0 24 24\" version=\"1.1\" xmlns=\"http:\/\/www.w3.org\/2000\/svg\" aria-hidden=\"true\" focusable=\"false\"><path d=\"M12,4.622c2.403,0,2.688,0.009,3.637,0.052c0.877,0.04,1.354,0.187,1.671,0.31c0.42,0.163,0.72,0.358,1.035,0.673 c0.315,0.315,0.51,0.615,0.673,1.035c0.123,0.317,0.27,0.794,0.31,1.671c0.043,0.949,0.052,1.234,0.052,3.637 s-0.009,2.688-0.052,3.637c-0.04,0.877-0.187,1.354-0.31,1.671c-0.163,0.42-0.358,0.72-0.673,1.035 c-0.315,0.315-0.615,0.51-1.035,0.673c-0.317,0.123-0.794,0.27-1.671,0.31c-0.949,0.043-1.233,0.052-3.637,0.052 s-2.688-0.009-3.637-0.052c-0.877-0.04-1.354-0.187-1.671-0.31c-0.42-0.163-0.72-0.358-1.035-0.673 c-0.315-0.315-0.51-0.615-0.673-1.035c-0.123-0.317-0.27-0.794-0.31-1.671C4.631,14.688,4.622,14.403,4.622,12 s0.009-2.688,0.052-3.637c0.04-0.877,0.187-1.354,0.31-1.671c0.163-0.42,0.358-0.72,0.673-1.035 c0.315-0.315,0.615-0.51,1.035-0.673c0.317-0.123,0.794-0.27,1.671-0.31C9.312,4.631,9.597,4.622,12,4.622 M12,3 C9.556,3,9.249,3.01,8.289,3.054C7.331,3.098,6.677,3.25,6.105,3.472C5.513,3.702,5.011,4.01,4.511,4.511 c-0.5,0.5-0.808,1.002-1.038,1.594C3.25,6.677,3.098,7.331,3.054,8.289C3.01,9.249,3,9.556,3,12c0,2.444,0.01,2.751,0.054,3.711 c0.044,0.958,0.196,1.612,0.418,2.185c0.23,0.592,0.538,1.094,1.038,1.594c0.5,0.5,1.002,0.808,1.594,1.038 c0.572,0.222,1.227,0.375,2.185,0.418C9.249,20.99,9.556,21,12,21s2.751-0.01,3.711-0.054c0.958-0.044,1.612-0.196,2.185-0.418 c0.592-0.23,1.094-0.538,1.594-1.038c0.5-0.5,0.808-1.002,1.038-1.594c0.222-0.572,0.375-1.227,0.418-2.185 C20.99,14.751,21,14.444,21,12s-0.01-2.751-0.054-3.711c-0.044-0.958-0.196-1.612-0.418-2.185c-0.23-0.592-0.538-1.094-1.038-1.594 c-0.5-0.5-1.002-0.808-1.594-1.038c-0.572-0.222-1.227-0.375-2.185-0.418C14.751,3.01,14.444,3,12,3L12,3z M12,7.378 c-2.552,0-4.622,2.069-4.622,4.622S9.448,16.622,12,16.622s4.622-2.069,4.622-4.622S14.552,7.378,12,7.378z M12,15 c-1.657,0-3-1.343-3-3s1.343-3,3-3s3,1.343,3,3S13.657,15,12,15z M16.804,6.116c-0.596,0-1.08,0.484-1.08,1.08 s0.484,1.08,1.08,1.08c0.596,0,1.08-0.484,1.08-1.08S17.401,6.116,16.804,6.116z\"><\/path><\/svg><span class=\"wp-block-social-link-label screen-reader-text\">Instagram<\/span><\/a><\/li>\n\n<li class=\"wp-social-link wp-social-link-youtube  wp-block-social-link\"><a href=\"https:\/\/www.youtube.com\/user\/GunwoodCircle\" class=\"wp-block-social-link-anchor\"><svg width=\"24\" height=\"24\" viewBox=\"0 0 24 24\" version=\"1.1\" xmlns=\"http:\/\/www.w3.org\/2000\/svg\" aria-hidden=\"true\" focusable=\"false\"><path d=\"M21.8,8.001c0,0-0.195-1.378-0.795-1.985c-0.76-0.797-1.613-0.801-2.004-0.847c-2.799-0.202-6.997-0.202-6.997-0.202 h-0.009c0,0-4.198,0-6.997,0.202C4.608,5.216,3.756,5.22,2.995,6.016C2.395,6.623,2.2,8.001,2.2,8.001S2,9.62,2,11.238v1.517 c0,1.618,0.2,3.237,0.2,3.237s0.195,1.378,0.795,1.985c0.761,0.797,1.76,0.771,2.205,0.855c1.6,0.153,6.8,0.201,6.8,0.201 s4.203-0.006,7.001-0.209c0.391-0.047,1.243-0.051,2.004-0.847c0.6-0.607,0.795-1.985,0.795-1.985s0.2-1.618,0.2-3.237v-1.517 C22,9.62,21.8,8.001,21.8,8.001z M9.935,14.594l-0.001-5.62l5.404,2.82L9.935,14.594z\"><\/path><\/svg><span class=\"wp-block-social-link-label screen-reader-text\">YouTube<\/span><\/a><\/li><\/ul>\n","protected":false},"excerpt":{"rendered":"<p>Lundi 8 ao\u00fbt 2022 &#8211; 19 h &#8211; Parc du Ch\u00e2teau H\u00e9bertACHETEZ VOTRE BILLET Imaginez-vous dans un jardin anglais pour un pique-nique chic ? Comme si vous y \u00e9tiez\u2026 Le pique-nique musical est un des \u00e9v\u00e8nements traditionnels les plus courus par nos voisins d\u2019outre-Manche. Dans le cadre enchanteur du Ch\u00e2teau H\u00e9bert, accueillis par la Fondation [&hellip;]<\/p>\n","protected":false},"author":1,"featured_media":0,"parent":0,"menu_order":0,"comment_status":"closed","ping_status":"closed","template":"","meta":{"footnotes":""},"class_list":["post-1171","page","type-page","status-publish","hentry"],"yoast_head":"<!-- This site is optimized with the Yoast SEO plugin v19.2 - https:\/\/yoast.com\/wordpress\/plugins\/seo\/ -->\n<title>Gunwood - Festival Dinard Opening<\/title>\n<meta name=\"robots\" content=\"index, follow, max-snippet:-1, max-image-preview:large, max-video-preview:-1\" \/>\n<link rel=\"canonical\" href=\"https:\/\/www.dinardopeningfestival.fr\/index.php\/gunwood\/\" \/>\n<meta property=\"og:locale\" content=\"fr_FR\" \/>\n<meta property=\"og:type\" content=\"article\" \/>\n<meta property=\"og:title\" content=\"Gunwood - Festival Dinard Opening\" \/>\n<meta property=\"og:description\" content=\"Lundi 8 ao\u00fbt 2022 &#8211; 19 h &#8211; Parc du Ch\u00e2teau H\u00e9bertACHETEZ VOTRE BILLET Imaginez-vous dans un jardin anglais pour un pique-nique chic ? Comme si vous y \u00e9tiez\u2026 Le pique-nique musical est un des \u00e9v\u00e8nements traditionnels les plus courus par nos voisins d\u2019outre-Manche. Dans le cadre enchanteur du Ch\u00e2teau H\u00e9bert, accueillis par la Fondation [&hellip;]\" \/>\n<meta property=\"og:url\" content=\"https:\/\/www.dinardopeningfestival.fr\/index.php\/gunwood\/\" \/>\n<meta property=\"og:site_name\" content=\"Festival Dinard Opening\" \/>\n<meta property=\"article:publisher\" content=\"https:\/\/www.facebook.com\/DinardOpeningFestival\" \/>\n<meta property=\"article:modified_time\" content=\"2022-06-23T13:10:01+00:00\" \/>\n<meta property=\"og:image\" content=\"http:\/\/www.dinardopeningfestival.fr\/wp-content\/uploads\/2022\/05\/Gunwood3_2021_Jim-Rosemberg-min-1024x679.jpg\" \/>\n<meta name=\"author\" content=\"admin4235\" \/>\n<meta name=\"twitter:card\" content=\"summary_large_image\" \/>\n<meta name=\"twitter:label1\" content=\"Dur\u00e9e de lecture estim\u00e9e\" \/>\n\t<meta name=\"twitter:data1\" content=\"2 minutes\" \/>\n<script type=\"application\/ld+json\" class=\"yoast-schema-graph\">{\"@context\":\"https:\/\/schema.org\",\"@graph\":[{\"@type\":\"Organization\",\"@id\":\"http:\/\/www.dinardopeningfestival.fr\/#organization\",\"name\":\"Festival Dinard Opening\",\"url\":\"http:\/\/www.dinardopeningfestival.fr\/\",\"sameAs\":[\"https:\/\/www.instagram.com\/dinardopening\/\",\"https:\/\/www.facebook.com\/DinardOpeningFestival\"],\"logo\":{\"@type\":\"ImageObject\",\"inLanguage\":\"fr-FR\",\"@id\":\"http:\/\/www.dinardopeningfestival.fr\/#\/schema\/logo\/image\/\",\"url\":\"https:\/\/www.dinardopeningfestival.fr\/wp-content\/uploads\/2021\/06\/Logo-Dinard-bleu-opening-rouge-1-scaled.jpg\",\"contentUrl\":\"https:\/\/www.dinardopeningfestival.fr\/wp-content\/uploads\/2021\/06\/Logo-Dinard-bleu-opening-rouge-1-scaled.jpg\",\"width\":2560,\"height\":1810,\"caption\":\"Festival Dinard Opening\"},\"image\":{\"@id\":\"http:\/\/www.dinardopeningfestival.fr\/#\/schema\/logo\/image\/\"}},{\"@type\":\"WebSite\",\"@id\":\"http:\/\/www.dinardopeningfestival.fr\/#website\",\"url\":\"http:\/\/www.dinardopeningfestival.fr\/\",\"name\":\"Festival Dinard Opening\",\"description\":\"Le Festival des Musiques Britanniques\",\"publisher\":{\"@id\":\"http:\/\/www.dinardopeningfestival.fr\/#organization\"},\"potentialAction\":[{\"@type\":\"SearchAction\",\"target\":{\"@type\":\"EntryPoint\",\"urlTemplate\":\"http:\/\/www.dinardopeningfestival.fr\/?s={search_term_string}\"},\"query-input\":\"required name=search_term_string\"}],\"inLanguage\":\"fr-FR\"},{\"@type\":\"ImageObject\",\"inLanguage\":\"fr-FR\",\"@id\":\"https:\/\/www.dinardopeningfestival.fr\/index.php\/gunwood\/#primaryimage\",\"url\":\"http:\/\/www.dinardopeningfestival.fr\/wp-content\/uploads\/2022\/05\/Gunwood3_2021_Jim-Rosemberg-min-1024x679.jpg\",\"contentUrl\":\"http:\/\/www.dinardopeningfestival.fr\/wp-content\/uploads\/2022\/05\/Gunwood3_2021_Jim-Rosemberg-min-1024x679.jpg\"},{\"@type\":\"WebPage\",\"@id\":\"https:\/\/www.dinardopeningfestival.fr\/index.php\/gunwood\/#webpage\",\"url\":\"https:\/\/www.dinardopeningfestival.fr\/index.php\/gunwood\/\",\"name\":\"Gunwood - Festival Dinard Opening\",\"isPartOf\":{\"@id\":\"http:\/\/www.dinardopeningfestival.fr\/#website\"},\"primaryImageOfPage\":{\"@id\":\"https:\/\/www.dinardopeningfestival.fr\/index.php\/gunwood\/#primaryimage\"},\"datePublished\":\"2022-05-23T09:36:49+00:00\",\"dateModified\":\"2022-06-23T13:10:01+00:00\",\"breadcrumb\":{\"@id\":\"https:\/\/www.dinardopeningfestival.fr\/index.php\/gunwood\/#breadcrumb\"},\"inLanguage\":\"fr-FR\",\"potentialAction\":[{\"@type\":\"ReadAction\",\"target\":[\"https:\/\/www.dinardopeningfestival.fr\/index.php\/gunwood\/\"]}]},{\"@type\":\"BreadcrumbList\",\"@id\":\"https:\/\/www.dinardopeningfestival.fr\/index.php\/gunwood\/#breadcrumb\",\"itemListElement\":[{\"@type\":\"ListItem\",\"position\":1,\"name\":\"Accueil\",\"item\":\"http:\/\/www.dinardopeningfestival.fr\/\"},{\"@type\":\"ListItem\",\"position\":2,\"name\":\"Gunwood\"}]}]}<\/script>\n<!-- \/ Yoast SEO plugin. -->","yoast_head_json":{"title":"Gunwood - Festival Dinard Opening","robots":{"index":"index","follow":"follow","max-snippet":"max-snippet:-1","max-image-preview":"max-image-preview:large","max-video-preview":"max-video-preview:-1"},"canonical":"https:\/\/www.dinardopeningfestival.fr\/index.php\/gunwood\/","og_locale":"fr_FR","og_type":"article","og_title":"Gunwood - Festival Dinard Opening","og_description":"Lundi 8 ao\u00fbt 2022 &#8211; 19 h &#8211; Parc du Ch\u00e2teau H\u00e9bertACHETEZ VOTRE BILLET Imaginez-vous dans un jardin anglais pour un pique-nique chic ? Comme si vous y \u00e9tiez\u2026 Le pique-nique musical est un des \u00e9v\u00e8nements traditionnels les plus courus par nos voisins d\u2019outre-Manche. Dans le cadre enchanteur du Ch\u00e2teau H\u00e9bert, accueillis par la Fondation [&hellip;]","og_url":"https:\/\/www.dinardopeningfestival.fr\/index.php\/gunwood\/","og_site_name":"Festival Dinard Opening","article_publisher":"https:\/\/www.facebook.com\/DinardOpeningFestival","article_modified_time":"2022-06-23T13:10:01+00:00","og_image":[{"url":"http:\/\/www.dinardopeningfestival.fr\/wp-content\/uploads\/2022\/05\/Gunwood3_2021_Jim-Rosemberg-min-1024x679.jpg"}],"author":"admin4235","twitter_card":"summary_large_image","twitter_misc":{"Dur\u00e9e de lecture estim\u00e9e":"2 minutes"},"schema":{"@context":"https:\/\/schema.org","@graph":[{"@type":"Organization","@id":"http:\/\/www.dinardopeningfestival.fr\/#organization","name":"Festival Dinard Opening","url":"http:\/\/www.dinardopeningfestival.fr\/","sameAs":["https:\/\/www.instagram.com\/dinardopening\/","https:\/\/www.facebook.com\/DinardOpeningFestival"],"logo":{"@type":"ImageObject","inLanguage":"fr-FR","@id":"http:\/\/www.dinardopeningfestival.fr\/#\/schema\/logo\/image\/","url":"https:\/\/www.dinardopeningfestival.fr\/wp-content\/uploads\/2021\/06\/Logo-Dinard-bleu-opening-rouge-1-scaled.jpg","contentUrl":"https:\/\/www.dinardopeningfestival.fr\/wp-content\/uploads\/2021\/06\/Logo-Dinard-bleu-opening-rouge-1-scaled.jpg","width":2560,"height":1810,"caption":"Festival Dinard Opening"},"image":{"@id":"http:\/\/www.dinardopeningfestival.fr\/#\/schema\/logo\/image\/"}},{"@type":"WebSite","@id":"http:\/\/www.dinardopeningfestival.fr\/#website","url":"http:\/\/www.dinardopeningfestival.fr\/","name":"Festival Dinard Opening","description":"Le Festival des Musiques Britanniques","publisher":{"@id":"http:\/\/www.dinardopeningfestival.fr\/#organization"},"potentialAction":[{"@type":"SearchAction","target":{"@type":"EntryPoint","urlTemplate":"http:\/\/www.dinardopeningfestival.fr\/?s={search_term_string}"},"query-input":"required name=search_term_string"}],"inLanguage":"fr-FR"},{"@type":"ImageObject","inLanguage":"fr-FR","@id":"https:\/\/www.dinardopeningfestival.fr\/index.php\/gunwood\/#primaryimage","url":"http:\/\/www.dinardopeningfestival.fr\/wp-content\/uploads\/2022\/05\/Gunwood3_2021_Jim-Rosemberg-min-1024x679.jpg","contentUrl":"http:\/\/www.dinardopeningfestival.fr\/wp-content\/uploads\/2022\/05\/Gunwood3_2021_Jim-Rosemberg-min-1024x679.jpg"},{"@type":"WebPage","@id":"https:\/\/www.dinardopeningfestival.fr\/index.php\/gunwood\/#webpage","url":"https:\/\/www.dinardopeningfestival.fr\/index.php\/gunwood\/","name":"Gunwood - Festival Dinard Opening","isPartOf":{"@id":"http:\/\/www.dinardopeningfestival.fr\/#website"},"primaryImageOfPage":{"@id":"https:\/\/www.dinardopeningfestival.fr\/index.php\/gunwood\/#primaryimage"},"datePublished":"2022-05-23T09:36:49+00:00","dateModified":"2022-06-23T13:10:01+00:00","breadcrumb":{"@id":"https:\/\/www.dinardopeningfestival.fr\/index.php\/gunwood\/#breadcrumb"},"inLanguage":"fr-FR","potentialAction":[{"@type":"ReadAction","target":["https:\/\/www.dinardopeningfestival.fr\/index.php\/gunwood\/"]}]},{"@type":"BreadcrumbList","@id":"https:\/\/www.dinardopeningfestival.fr\/index.php\/gunwood\/#breadcrumb","itemListElement":[{"@type":"ListItem","position":1,"name":"Accueil","item":"http:\/\/www.dinardopeningfestival.fr\/"},{"@type":"ListItem","position":2,"name":"Gunwood"}]}]}},"_links":{"self":[{"href":"https:\/\/www.dinardopeningfestival.fr\/index.php\/wp-json\/wp\/v2\/pages\/1171","targetHints":{"allow":["GET"]}}],"collection":[{"href":"https:\/\/www.dinardopeningfestival.fr\/index.php\/wp-json\/wp\/v2\/pages"}],"about":[{"href":"https:\/\/www.dinardopeningfestival.fr\/index.php\/wp-json\/wp\/v2\/types\/page"}],"author":[{"embeddable":true,"href":"https:\/\/www.dinardopeningfestival.fr\/index.php\/wp-json\/wp\/v2\/users\/1"}],"replies":[{"embeddable":true,"href":"https:\/\/www.dinardopeningfestival.fr\/index.php\/wp-json\/wp\/v2\/comments?post=1171"}],"version-history":[{"count":5,"href":"https:\/\/www.dinardopeningfestival.fr\/index.php\/wp-json\/wp\/v2\/pages\/1171\/revisions"}],"predecessor-version":[{"id":1330,"href":"https:\/\/www.dinardopeningfestival.fr\/index.php\/wp-json\/wp\/v2\/pages\/1171\/revisions\/1330"}],"wp:attachment":[{"href":"https:\/\/www.dinardopeningfestival.fr\/index.php\/wp-json\/wp\/v2\/media?parent=1171"}],"curies":[{"name":"wp","href":"https:\/\/api.w.org\/{rel}","templated":true}]}}