{"id":1177,"date":"2022-05-23T11:43:17","date_gmt":"2022-05-23T09:43:17","guid":{"rendered":"https:\/\/www.dinardopeningfestival.fr\/?page_id=1177"},"modified":"2022-05-31T16:37:22","modified_gmt":"2022-05-31T14:37:22","slug":"ensemble-renard","status":"publish","type":"page","link":"https:\/\/www.dinardopeningfestival.fr\/index.php\/ensemble-renard\/","title":{"rendered":"Ensemble Renard"},"content":{"rendered":"\n<figure class=\"wp-block-image size-large\"><img loading=\"lazy\" decoding=\"async\" width=\"1024\" height=\"683\" src=\"https:\/\/www.dinardopeningfestival.fr\/wp-content\/uploads\/2022\/05\/H25C7525\u00a9Olivia-Da-Costa-1024x683.jpg\" alt=\"\" class=\"wp-image-1178\" srcset=\"https:\/\/www.dinardopeningfestival.fr\/wp-content\/uploads\/2022\/05\/H25C7525\u00a9Olivia-Da-Costa-1024x683.jpg 1024w, https:\/\/www.dinardopeningfestival.fr\/wp-content\/uploads\/2022\/05\/H25C7525\u00a9Olivia-Da-Costa-300x200.jpg 300w, https:\/\/www.dinardopeningfestival.fr\/wp-content\/uploads\/2022\/05\/H25C7525\u00a9Olivia-Da-Costa-768x512.jpg 768w, https:\/\/www.dinardopeningfestival.fr\/wp-content\/uploads\/2022\/05\/H25C7525\u00a9Olivia-Da-Costa-1536x1024.jpg 1536w, https:\/\/www.dinardopeningfestival.fr\/wp-content\/uploads\/2022\/05\/H25C7525\u00a9Olivia-Da-Costa-2048x1365.jpg 2048w, https:\/\/www.dinardopeningfestival.fr\/wp-content\/uploads\/2022\/05\/H25C7525\u00a9Olivia-Da-Costa-24x16.jpg 24w, https:\/\/www.dinardopeningfestival.fr\/wp-content\/uploads\/2022\/05\/H25C7525\u00a9Olivia-Da-Costa-36x24.jpg 36w, https:\/\/www.dinardopeningfestival.fr\/wp-content\/uploads\/2022\/05\/H25C7525\u00a9Olivia-Da-Costa-48x32.jpg 48w\" sizes=\"auto, (max-width: 1024px) 100vw, 1024px\" \/><figcaption>\u00a9 Olivia Da Costa<\/figcaption><\/figure>\n\n\n\n<h3 class=\"has-text-align-right wp-block-heading\">Mardi 9 ao\u00fbt 2022 &#8211; 18 h &#8211; \u00c9glise anglicane<br><a href=\"https:\/\/indiv.themisweb.fr\/0534\/fListeManifs.aspx?idstructure=0534\">ACHETEZ VOTRE BILLET<\/a><\/h3>\n\n\n\n<p class=\"has-text-align-center\"><br>Fond\u00e9 en 2018 par des musiciens de la <strong>Royal Academy of Music<\/strong> et de la Guildhall School, l\u2019<strong>Ensemble Renard <\/strong>est une jeune formation de chambre qui cherche \u00e0 \u00e9largir son r\u00e9pertoire en choisissant de mettre en lumi\u00e8re des \u0153uvres rares. <br><br>Dot\u00e9s d\u2019une bourse par la Royal Academy of Music en 2020\/2021, ils poursuivent leurs explorations, commandent de nouvelles \u0153uvres et incluent dans leur formation de quintette \u00e0 vents cordes, piano et voix.<br><br>L\u2019Ensemble Renard vient de remporter le Nicholas Blake Woodwind Ensemble Prize de l\u2019Acad\u00e9mie, o\u00f9 ils ont interpr\u00e9t\u00e9 le quintette \u00e0 vent rarement jou\u00e9 de Thea Musgrave. Cela leur a valu d\u2019\u00e9tre invit\u00e9s en r\u00e9sidence au RAM. En 2020-2021, l\u2019Ensemble Renard a particip\u00e9 au programme Britten Pears Chamber Music in Residence ainsi qu\u2019au Tunnell Trust\u2019s Music Coll.<br><br>L\u2019Ensemble Renard ne cesse de se perfectionner au contact des musiciens des orchestres du BBC Symphony Orchestra, du Philharmonia Orchestra, du London Sinfonietta et des London Mozart Players\u2026<br><br>La seconde \u00e9dition de Dinard Opening verra donc la premi\u00e8re \u00e9tape d\u2019un partenariat avec la Royal Academy of Music. Fond\u00e9e en 1822 \u00e0 Londres, la prestigieuse \u00e9cole de musique a form\u00e9 de nombreux artistes et compositeurs de renomm\u00e9e internationale, entre autres Arnold Bax, Jacob Collier, Elton John, Sir Simon Rattle, Maxim Vengerov\u2026<br><br><strong>Concert suivi d\u2019un tea-time offert par la maison Lindfield and Co.<\/strong><\/p>\n\n\n\n<hr class=\"wp-block-separator is-style-wide\"\/>\n\n\n\n<h3 class=\"wp-block-heading\">Ellie Blamires, fl\u00fbte<br>Francesca Cox, hautbois<br>Luke English, clarinette<br>George Strivens, cor<br>Patrick Bolton, basson<\/h3>\n","protected":false},"excerpt":{"rendered":"<p>Mardi 9 ao\u00fbt 2022 &#8211; 18 h &#8211; \u00c9glise anglicaneACHETEZ VOTRE BILLET Fond\u00e9 en 2018 par des musiciens de la Royal Academy of Music et de la Guildhall School, l\u2019Ensemble Renard est une jeune formation de chambre qui cherche \u00e0 \u00e9largir son r\u00e9pertoire en choisissant de mettre en lumi\u00e8re des \u0153uvres rares. Dot\u00e9s d\u2019une bourse [&hellip;]<\/p>\n","protected":false},"author":1,"featured_media":0,"parent":0,"menu_order":0,"comment_status":"closed","ping_status":"closed","template":"","meta":{"footnotes":""},"class_list":["post-1177","page","type-page","status-publish","hentry"],"yoast_head":"<!-- This site is optimized with the Yoast SEO plugin v19.2 - https:\/\/yoast.com\/wordpress\/plugins\/seo\/ -->\n<title>Ensemble Renard - Festival Dinard Opening<\/title>\n<meta name=\"robots\" content=\"index, follow, max-snippet:-1, max-image-preview:large, max-video-preview:-1\" \/>\n<link rel=\"canonical\" href=\"https:\/\/www.dinardopeningfestival.fr\/index.php\/ensemble-renard\/\" \/>\n<meta property=\"og:locale\" content=\"fr_FR\" \/>\n<meta property=\"og:type\" content=\"article\" \/>\n<meta property=\"og:title\" content=\"Ensemble Renard - Festival Dinard Opening\" \/>\n<meta property=\"og:description\" content=\"Mardi 9 ao\u00fbt 2022 &#8211; 18 h &#8211; \u00c9glise anglicaneACHETEZ VOTRE BILLET Fond\u00e9 en 2018 par des musiciens de la Royal Academy of Music et de la Guildhall School, l\u2019Ensemble Renard est une jeune formation de chambre qui cherche \u00e0 \u00e9largir son r\u00e9pertoire en choisissant de mettre en lumi\u00e8re des \u0153uvres rares. Dot\u00e9s d\u2019une bourse [&hellip;]\" \/>\n<meta property=\"og:url\" content=\"https:\/\/www.dinardopeningfestival.fr\/index.php\/ensemble-renard\/\" \/>\n<meta property=\"og:site_name\" content=\"Festival Dinard Opening\" \/>\n<meta property=\"article:publisher\" content=\"https:\/\/www.facebook.com\/DinardOpeningFestival\" \/>\n<meta property=\"article:modified_time\" content=\"2022-05-31T14:37:22+00:00\" \/>\n<meta name=\"author\" content=\"admin4235\" \/>\n<meta name=\"twitter:card\" content=\"summary_large_image\" \/>\n<meta name=\"twitter:label1\" content=\"Dur\u00e9e de lecture estim\u00e9e\" \/>\n\t<meta name=\"twitter:data1\" content=\"1 minute\" \/>\n<script type=\"application\/ld+json\" class=\"yoast-schema-graph\">{\"@context\":\"https:\/\/schema.org\",\"@graph\":[{\"@type\":\"Organization\",\"@id\":\"http:\/\/www.dinardopeningfestival.fr\/#organization\",\"name\":\"Festival Dinard Opening\",\"url\":\"http:\/\/www.dinardopeningfestival.fr\/\",\"sameAs\":[\"https:\/\/www.instagram.com\/dinardopening\/\",\"https:\/\/www.facebook.com\/DinardOpeningFestival\"],\"logo\":{\"@type\":\"ImageObject\",\"inLanguage\":\"fr-FR\",\"@id\":\"http:\/\/www.dinardopeningfestival.fr\/#\/schema\/logo\/image\/\",\"url\":\"https:\/\/www.dinardopeningfestival.fr\/wp-content\/uploads\/2021\/06\/Logo-Dinard-bleu-opening-rouge-1-scaled.jpg\",\"contentUrl\":\"https:\/\/www.dinardopeningfestival.fr\/wp-content\/uploads\/2021\/06\/Logo-Dinard-bleu-opening-rouge-1-scaled.jpg\",\"width\":2560,\"height\":1810,\"caption\":\"Festival Dinard Opening\"},\"image\":{\"@id\":\"http:\/\/www.dinardopeningfestival.fr\/#\/schema\/logo\/image\/\"}},{\"@type\":\"WebSite\",\"@id\":\"http:\/\/www.dinardopeningfestival.fr\/#website\",\"url\":\"http:\/\/www.dinardopeningfestival.fr\/\",\"name\":\"Festival Dinard Opening\",\"description\":\"Le Festival des Musiques Britanniques\",\"publisher\":{\"@id\":\"http:\/\/www.dinardopeningfestival.fr\/#organization\"},\"potentialAction\":[{\"@type\":\"SearchAction\",\"target\":{\"@type\":\"EntryPoint\",\"urlTemplate\":\"http:\/\/www.dinardopeningfestival.fr\/?s={search_term_string}\"},\"query-input\":\"required name=search_term_string\"}],\"inLanguage\":\"fr-FR\"},{\"@type\":\"WebPage\",\"@id\":\"https:\/\/www.dinardopeningfestival.fr\/index.php\/ensemble-renard\/#webpage\",\"url\":\"https:\/\/www.dinardopeningfestival.fr\/index.php\/ensemble-renard\/\",\"name\":\"Ensemble Renard - Festival Dinard Opening\",\"isPartOf\":{\"@id\":\"http:\/\/www.dinardopeningfestival.fr\/#website\"},\"datePublished\":\"2022-05-23T09:43:17+00:00\",\"dateModified\":\"2022-05-31T14:37:22+00:00\",\"breadcrumb\":{\"@id\":\"https:\/\/www.dinardopeningfestival.fr\/index.php\/ensemble-renard\/#breadcrumb\"},\"inLanguage\":\"fr-FR\",\"potentialAction\":[{\"@type\":\"ReadAction\",\"target\":[\"https:\/\/www.dinardopeningfestival.fr\/index.php\/ensemble-renard\/\"]}]},{\"@type\":\"BreadcrumbList\",\"@id\":\"https:\/\/www.dinardopeningfestival.fr\/index.php\/ensemble-renard\/#breadcrumb\",\"itemListElement\":[{\"@type\":\"ListItem\",\"position\":1,\"name\":\"Accueil\",\"item\":\"http:\/\/www.dinardopeningfestival.fr\/\"},{\"@type\":\"ListItem\",\"position\":2,\"name\":\"Ensemble Renard\"}]}]}<\/script>\n<!-- \/ Yoast SEO plugin. -->","yoast_head_json":{"title":"Ensemble Renard - Festival Dinard Opening","robots":{"index":"index","follow":"follow","max-snippet":"max-snippet:-1","max-image-preview":"max-image-preview:large","max-video-preview":"max-video-preview:-1"},"canonical":"https:\/\/www.dinardopeningfestival.fr\/index.php\/ensemble-renard\/","og_locale":"fr_FR","og_type":"article","og_title":"Ensemble Renard - Festival Dinard Opening","og_description":"Mardi 9 ao\u00fbt 2022 &#8211; 18 h &#8211; \u00c9glise anglicaneACHETEZ VOTRE BILLET Fond\u00e9 en 2018 par des musiciens de la Royal Academy of Music et de la Guildhall School, l\u2019Ensemble Renard est une jeune formation de chambre qui cherche \u00e0 \u00e9largir son r\u00e9pertoire en choisissant de mettre en lumi\u00e8re des \u0153uvres rares. Dot\u00e9s d\u2019une bourse [&hellip;]","og_url":"https:\/\/www.dinardopeningfestival.fr\/index.php\/ensemble-renard\/","og_site_name":"Festival Dinard Opening","article_publisher":"https:\/\/www.facebook.com\/DinardOpeningFestival","article_modified_time":"2022-05-31T14:37:22+00:00","author":"admin4235","twitter_card":"summary_large_image","twitter_misc":{"Dur\u00e9e de lecture estim\u00e9e":"1 minute"},"schema":{"@context":"https:\/\/schema.org","@graph":[{"@type":"Organization","@id":"http:\/\/www.dinardopeningfestival.fr\/#organization","name":"Festival Dinard Opening","url":"http:\/\/www.dinardopeningfestival.fr\/","sameAs":["https:\/\/www.instagram.com\/dinardopening\/","https:\/\/www.facebook.com\/DinardOpeningFestival"],"logo":{"@type":"ImageObject","inLanguage":"fr-FR","@id":"http:\/\/www.dinardopeningfestival.fr\/#\/schema\/logo\/image\/","url":"https:\/\/www.dinardopeningfestival.fr\/wp-content\/uploads\/2021\/06\/Logo-Dinard-bleu-opening-rouge-1-scaled.jpg","contentUrl":"https:\/\/www.dinardopeningfestival.fr\/wp-content\/uploads\/2021\/06\/Logo-Dinard-bleu-opening-rouge-1-scaled.jpg","width":2560,"height":1810,"caption":"Festival Dinard Opening"},"image":{"@id":"http:\/\/www.dinardopeningfestival.fr\/#\/schema\/logo\/image\/"}},{"@type":"WebSite","@id":"http:\/\/www.dinardopeningfestival.fr\/#website","url":"http:\/\/www.dinardopeningfestival.fr\/","name":"Festival Dinard Opening","description":"Le Festival des Musiques Britanniques","publisher":{"@id":"http:\/\/www.dinardopeningfestival.fr\/#organization"},"potentialAction":[{"@type":"SearchAction","target":{"@type":"EntryPoint","urlTemplate":"http:\/\/www.dinardopeningfestival.fr\/?s={search_term_string}"},"query-input":"required name=search_term_string"}],"inLanguage":"fr-FR"},{"@type":"WebPage","@id":"https:\/\/www.dinardopeningfestival.fr\/index.php\/ensemble-renard\/#webpage","url":"https:\/\/www.dinardopeningfestival.fr\/index.php\/ensemble-renard\/","name":"Ensemble Renard - Festival Dinard Opening","isPartOf":{"@id":"http:\/\/www.dinardopeningfestival.fr\/#website"},"datePublished":"2022-05-23T09:43:17+00:00","dateModified":"2022-05-31T14:37:22+00:00","breadcrumb":{"@id":"https:\/\/www.dinardopeningfestival.fr\/index.php\/ensemble-renard\/#breadcrumb"},"inLanguage":"fr-FR","potentialAction":[{"@type":"ReadAction","target":["https:\/\/www.dinardopeningfestival.fr\/index.php\/ensemble-renard\/"]}]},{"@type":"BreadcrumbList","@id":"https:\/\/www.dinardopeningfestival.fr\/index.php\/ensemble-renard\/#breadcrumb","itemListElement":[{"@type":"ListItem","position":1,"name":"Accueil","item":"http:\/\/www.dinardopeningfestival.fr\/"},{"@type":"ListItem","position":2,"name":"Ensemble Renard"}]}]}},"_links":{"self":[{"href":"https:\/\/www.dinardopeningfestival.fr\/index.php\/wp-json\/wp\/v2\/pages\/1177","targetHints":{"allow":["GET"]}}],"collection":[{"href":"https:\/\/www.dinardopeningfestival.fr\/index.php\/wp-json\/wp\/v2\/pages"}],"about":[{"href":"https:\/\/www.dinardopeningfestival.fr\/index.php\/wp-json\/wp\/v2\/types\/page"}],"author":[{"embeddable":true,"href":"https:\/\/www.dinardopeningfestival.fr\/index.php\/wp-json\/wp\/v2\/users\/1"}],"replies":[{"embeddable":true,"href":"https:\/\/www.dinardopeningfestival.fr\/index.php\/wp-json\/wp\/v2\/comments?post=1177"}],"version-history":[{"count":5,"href":"https:\/\/www.dinardopeningfestival.fr\/index.php\/wp-json\/wp\/v2\/pages\/1177\/revisions"}],"predecessor-version":[{"id":1270,"href":"https:\/\/www.dinardopeningfestival.fr\/index.php\/wp-json\/wp\/v2\/pages\/1177\/revisions\/1270"}],"wp:attachment":[{"href":"https:\/\/www.dinardopeningfestival.fr\/index.php\/wp-json\/wp\/v2\/media?parent=1177"}],"curies":[{"name":"wp","href":"https:\/\/api.w.org\/{rel}","templated":true}]}}