{"id":1960,"date":"2024-04-17T16:37:37","date_gmt":"2024-04-17T14:37:37","guid":{"rendered":"https:\/\/www.dinardopeningfestival.fr\/?page_id=1960"},"modified":"2024-05-27T14:06:59","modified_gmt":"2024-05-27T12:06:59","slug":"rum-buffalo","status":"publish","type":"page","link":"https:\/\/www.dinardopeningfestival.fr\/index.php\/rum-buffalo\/","title":{"rendered":"Rum Buffalo"},"content":{"rendered":"\n<h4 class=\"wp-block-heading\"><strong>BLUES-ROCK, SPACE PUNK<br>Concert pique-nique*<\/strong><\/h4>\n\n\n\n<h3 class=\"has-text-align-right wp-block-heading\"><mark style=\"background-color:rgba(0, 0, 0, 0)\" class=\"has-inline-color has-vivid-cyan-blue-color\">6 ao\u00fbt 2024 \u2013\u00a019h<br>Parc du ch\u00e2teau H\u00e9bert<\/mark><\/h3>\n\n\n\n<figure class=\"wp-block-image size-large\"><img loading=\"lazy\" decoding=\"async\" width=\"1024\" height=\"683\" src=\"https:\/\/www.dinardopeningfestival.fr\/wp-content\/uploads\/2024\/04\/Rum-Buffalo-Credit-Rum-Buffalo-1024x683.jpg\" alt=\"\" class=\"wp-image-1975\" srcset=\"https:\/\/www.dinardopeningfestival.fr\/wp-content\/uploads\/2024\/04\/Rum-Buffalo-Credit-Rum-Buffalo-1024x683.jpg 1024w, https:\/\/www.dinardopeningfestival.fr\/wp-content\/uploads\/2024\/04\/Rum-Buffalo-Credit-Rum-Buffalo-300x200.jpg 300w, https:\/\/www.dinardopeningfestival.fr\/wp-content\/uploads\/2024\/04\/Rum-Buffalo-Credit-Rum-Buffalo-768x512.jpg 768w, https:\/\/www.dinardopeningfestival.fr\/wp-content\/uploads\/2024\/04\/Rum-Buffalo-Credit-Rum-Buffalo-1536x1024.jpg 1536w, https:\/\/www.dinardopeningfestival.fr\/wp-content\/uploads\/2024\/04\/Rum-Buffalo-Credit-Rum-Buffalo-2048x1365.jpg 2048w, https:\/\/www.dinardopeningfestival.fr\/wp-content\/uploads\/2024\/04\/Rum-Buffalo-Credit-Rum-Buffalo-24x16.jpg 24w, https:\/\/www.dinardopeningfestival.fr\/wp-content\/uploads\/2024\/04\/Rum-Buffalo-Credit-Rum-Buffalo-36x24.jpg 36w, https:\/\/www.dinardopeningfestival.fr\/wp-content\/uploads\/2024\/04\/Rum-Buffalo-Credit-Rum-Buffalo-48x32.jpg 48w\" sizes=\"auto, (max-width: 1024px) 100vw, 1024px\" \/><figcaption>\u00a9 Rum Buffalo<\/figcaption><\/figure>\n\n\n\n<p>D\u00e9sormais rendez-vous bien \u00e9tabli, pl\u00e9biscit\u00e9 par le public, le \u00ab picnic in music \u00bb au Ch\u00e2teau H\u00e9bert nous permet cette ann\u00e9e de d\u00e9couvrir la nouvelle coqueluche de l\u2019indie britannique, venue de Londres, base arri\u00e8re de l\u2019underground, mais bien \u00e0 ciel ouvert, avec les musiciens de rue du groupe <strong>Rum Buffalo<\/strong>, r\u00e9unis autour du magn\u00e9tique chanteur et guitariste <strong>Jake Stevens<\/strong>.<\/p>\n\n\n\n<p>M\u00e9lodies fr\u00e9n\u00e9tiques et rythmes d\u00e9capants sont servis par la basse massive de <strong>James Wilson<\/strong>, les synth\u00e9s de <strong>Jake Chapman<\/strong>, la frappe tonitruante de <strong>Nuno Brito<\/strong> et les riffs constants du leader enrag\u00e9, que viennent appuyer la trompette de <strong>Harrison Cole<\/strong> et le saxo de <strong>Piers Tamplin<\/strong> totalement d\u00e9brid\u00e9s.<\/p>\n\n\n\n<figure class=\"wp-block-video\"><video height=\"1080\" style=\"aspect-ratio: 1920 \/ 1080;\" width=\"1920\" controls src=\"https:\/\/www.dinardopeningfestival.fr\/wp-content\/uploads\/2024\/04\/Rum-Buffalo-__-Chains-The-Tramshed-Sessions.mp4\"><\/video><\/figure>\n\n\n\n<h3 class=\"wp-block-heading\"><strong>Jake Stevens<\/strong>, chant, guitare<br><strong>James Wilson<\/strong>, basse<br><strong>Jake Chapman<\/strong>, synth\u00e9tiseur<br><strong>Nuno Brito<\/strong>, batterie<br><strong>Harrison Cole<\/strong>, cuivre, trompette<br><strong>Piers TampLIN<\/strong>, saxo<\/h3>\n\n\n\n<p>*<em>pique-nique \u00e0 apporter<\/em><\/p>\n\n\n\n<div class=\"wp-block-buttons is-content-justification-center is-layout-flex wp-container-core-buttons-is-layout-16018d1d wp-block-buttons-is-layout-flex\">\n<div class=\"wp-block-button\"><a class=\"wp-block-button__link\" href=\"https:\/\/indiv.themisweb.fr\/0534\/fListeManifs.aspx?idstructure=0534\" target=\"_blank\" rel=\"noreferrer noopener\">ACHETER VOTRE BILLET<\/a><\/div>\n<\/div>\n","protected":false},"excerpt":{"rendered":"<p>BLUES-ROCK, SPACE PUNKConcert pique-nique* 6 ao\u00fbt 2024 \u2013\u00a019hParc du ch\u00e2teau H\u00e9bert D\u00e9sormais rendez-vous bien \u00e9tabli, pl\u00e9biscit\u00e9 par le public, le \u00ab picnic in music \u00bb au Ch\u00e2teau H\u00e9bert nous permet cette ann\u00e9e de d\u00e9couvrir la nouvelle coqueluche de l\u2019indie britannique, venue de Londres, base arri\u00e8re de l\u2019underground, mais bien \u00e0 ciel ouvert, avec les musiciens [&hellip;]<\/p>\n","protected":false},"author":1,"featured_media":0,"parent":0,"menu_order":0,"comment_status":"closed","ping_status":"closed","template":"","meta":{"footnotes":""},"class_list":["post-1960","page","type-page","status-publish","hentry"],"yoast_head":"<!-- This site is optimized with the Yoast SEO plugin v19.2 - https:\/\/yoast.com\/wordpress\/plugins\/seo\/ -->\n<title>Rum Buffalo - Festival Dinard Opening<\/title>\n<meta name=\"robots\" content=\"index, follow, max-snippet:-1, max-image-preview:large, max-video-preview:-1\" \/>\n<link rel=\"canonical\" href=\"https:\/\/www.dinardopeningfestival.fr\/index.php\/rum-buffalo\/\" \/>\n<meta property=\"og:locale\" content=\"fr_FR\" \/>\n<meta property=\"og:type\" content=\"article\" \/>\n<meta property=\"og:title\" content=\"Rum Buffalo - Festival Dinard Opening\" \/>\n<meta property=\"og:description\" content=\"BLUES-ROCK, SPACE PUNKConcert pique-nique* 6 ao\u00fbt 2024 \u2013\u00a019hParc du ch\u00e2teau H\u00e9bert D\u00e9sormais rendez-vous bien \u00e9tabli, pl\u00e9biscit\u00e9 par le public, le \u00ab picnic in music \u00bb au Ch\u00e2teau H\u00e9bert nous permet cette ann\u00e9e de d\u00e9couvrir la nouvelle coqueluche de l\u2019indie britannique, venue de Londres, base arri\u00e8re de l\u2019underground, mais bien \u00e0 ciel ouvert, avec les musiciens [&hellip;]\" \/>\n<meta property=\"og:url\" content=\"https:\/\/www.dinardopeningfestival.fr\/index.php\/rum-buffalo\/\" \/>\n<meta property=\"og:site_name\" content=\"Festival Dinard Opening\" \/>\n<meta property=\"article:publisher\" content=\"https:\/\/www.facebook.com\/DinardOpeningFestival\" \/>\n<meta property=\"article:modified_time\" content=\"2024-05-27T12:06:59+00:00\" \/>\n<meta property=\"og:image\" content=\"https:\/\/www.dinardopeningfestival.fr\/wp-content\/uploads\/2024\/04\/Rum-Buffalo-Credit-Rum-Buffalo-1024x683.jpg\" \/>\n<meta name=\"author\" content=\"admin4235\" \/>\n<meta name=\"twitter:card\" content=\"summary_large_image\" \/>\n<meta name=\"twitter:label1\" content=\"Dur\u00e9e de lecture estim\u00e9e\" \/>\n\t<meta name=\"twitter:data1\" content=\"1 minute\" \/>\n<script type=\"application\/ld+json\" class=\"yoast-schema-graph\">{\"@context\":\"https:\/\/schema.org\",\"@graph\":[{\"@type\":\"Organization\",\"@id\":\"http:\/\/www.dinardopeningfestival.fr\/#organization\",\"name\":\"Festival Dinard Opening\",\"url\":\"http:\/\/www.dinardopeningfestival.fr\/\",\"sameAs\":[\"https:\/\/www.instagram.com\/dinardopening\/\",\"https:\/\/www.facebook.com\/DinardOpeningFestival\"],\"logo\":{\"@type\":\"ImageObject\",\"inLanguage\":\"fr-FR\",\"@id\":\"http:\/\/www.dinardopeningfestival.fr\/#\/schema\/logo\/image\/\",\"url\":\"https:\/\/www.dinardopeningfestival.fr\/wp-content\/uploads\/2021\/06\/Logo-Dinard-bleu-opening-rouge-1-scaled.jpg\",\"contentUrl\":\"https:\/\/www.dinardopeningfestival.fr\/wp-content\/uploads\/2021\/06\/Logo-Dinard-bleu-opening-rouge-1-scaled.jpg\",\"width\":2560,\"height\":1810,\"caption\":\"Festival Dinard Opening\"},\"image\":{\"@id\":\"http:\/\/www.dinardopeningfestival.fr\/#\/schema\/logo\/image\/\"}},{\"@type\":\"WebSite\",\"@id\":\"http:\/\/www.dinardopeningfestival.fr\/#website\",\"url\":\"http:\/\/www.dinardopeningfestival.fr\/\",\"name\":\"Festival Dinard Opening\",\"description\":\"Le Festival des Musiques Britanniques\",\"publisher\":{\"@id\":\"http:\/\/www.dinardopeningfestival.fr\/#organization\"},\"potentialAction\":[{\"@type\":\"SearchAction\",\"target\":{\"@type\":\"EntryPoint\",\"urlTemplate\":\"http:\/\/www.dinardopeningfestival.fr\/?s={search_term_string}\"},\"query-input\":\"required name=search_term_string\"}],\"inLanguage\":\"fr-FR\"},{\"@type\":\"ImageObject\",\"inLanguage\":\"fr-FR\",\"@id\":\"https:\/\/www.dinardopeningfestival.fr\/index.php\/rum-buffalo\/#primaryimage\",\"url\":\"https:\/\/www.dinardopeningfestival.fr\/wp-content\/uploads\/2024\/04\/Rum-Buffalo-Credit-Rum-Buffalo-1024x683.jpg\",\"contentUrl\":\"https:\/\/www.dinardopeningfestival.fr\/wp-content\/uploads\/2024\/04\/Rum-Buffalo-Credit-Rum-Buffalo-1024x683.jpg\"},{\"@type\":\"WebPage\",\"@id\":\"https:\/\/www.dinardopeningfestival.fr\/index.php\/rum-buffalo\/#webpage\",\"url\":\"https:\/\/www.dinardopeningfestival.fr\/index.php\/rum-buffalo\/\",\"name\":\"Rum Buffalo - Festival Dinard Opening\",\"isPartOf\":{\"@id\":\"http:\/\/www.dinardopeningfestival.fr\/#website\"},\"primaryImageOfPage\":{\"@id\":\"https:\/\/www.dinardopeningfestival.fr\/index.php\/rum-buffalo\/#primaryimage\"},\"datePublished\":\"2024-04-17T14:37:37+00:00\",\"dateModified\":\"2024-05-27T12:06:59+00:00\",\"breadcrumb\":{\"@id\":\"https:\/\/www.dinardopeningfestival.fr\/index.php\/rum-buffalo\/#breadcrumb\"},\"inLanguage\":\"fr-FR\",\"potentialAction\":[{\"@type\":\"ReadAction\",\"target\":[\"https:\/\/www.dinardopeningfestival.fr\/index.php\/rum-buffalo\/\"]}]},{\"@type\":\"BreadcrumbList\",\"@id\":\"https:\/\/www.dinardopeningfestival.fr\/index.php\/rum-buffalo\/#breadcrumb\",\"itemListElement\":[{\"@type\":\"ListItem\",\"position\":1,\"name\":\"Accueil\",\"item\":\"http:\/\/www.dinardopeningfestival.fr\/\"},{\"@type\":\"ListItem\",\"position\":2,\"name\":\"Rum Buffalo\"}]}]}<\/script>\n<!-- \/ Yoast SEO plugin. -->","yoast_head_json":{"title":"Rum Buffalo - Festival Dinard Opening","robots":{"index":"index","follow":"follow","max-snippet":"max-snippet:-1","max-image-preview":"max-image-preview:large","max-video-preview":"max-video-preview:-1"},"canonical":"https:\/\/www.dinardopeningfestival.fr\/index.php\/rum-buffalo\/","og_locale":"fr_FR","og_type":"article","og_title":"Rum Buffalo - Festival Dinard Opening","og_description":"BLUES-ROCK, SPACE PUNKConcert pique-nique* 6 ao\u00fbt 2024 \u2013\u00a019hParc du ch\u00e2teau H\u00e9bert D\u00e9sormais rendez-vous bien \u00e9tabli, pl\u00e9biscit\u00e9 par le public, le \u00ab picnic in music \u00bb au Ch\u00e2teau H\u00e9bert nous permet cette ann\u00e9e de d\u00e9couvrir la nouvelle coqueluche de l\u2019indie britannique, venue de Londres, base arri\u00e8re de l\u2019underground, mais bien \u00e0 ciel ouvert, avec les musiciens [&hellip;]","og_url":"https:\/\/www.dinardopeningfestival.fr\/index.php\/rum-buffalo\/","og_site_name":"Festival Dinard Opening","article_publisher":"https:\/\/www.facebook.com\/DinardOpeningFestival","article_modified_time":"2024-05-27T12:06:59+00:00","og_image":[{"url":"https:\/\/www.dinardopeningfestival.fr\/wp-content\/uploads\/2024\/04\/Rum-Buffalo-Credit-Rum-Buffalo-1024x683.jpg"}],"author":"admin4235","twitter_card":"summary_large_image","twitter_misc":{"Dur\u00e9e de lecture estim\u00e9e":"1 minute"},"schema":{"@context":"https:\/\/schema.org","@graph":[{"@type":"Organization","@id":"http:\/\/www.dinardopeningfestival.fr\/#organization","name":"Festival Dinard Opening","url":"http:\/\/www.dinardopeningfestival.fr\/","sameAs":["https:\/\/www.instagram.com\/dinardopening\/","https:\/\/www.facebook.com\/DinardOpeningFestival"],"logo":{"@type":"ImageObject","inLanguage":"fr-FR","@id":"http:\/\/www.dinardopeningfestival.fr\/#\/schema\/logo\/image\/","url":"https:\/\/www.dinardopeningfestival.fr\/wp-content\/uploads\/2021\/06\/Logo-Dinard-bleu-opening-rouge-1-scaled.jpg","contentUrl":"https:\/\/www.dinardopeningfestival.fr\/wp-content\/uploads\/2021\/06\/Logo-Dinard-bleu-opening-rouge-1-scaled.jpg","width":2560,"height":1810,"caption":"Festival Dinard Opening"},"image":{"@id":"http:\/\/www.dinardopeningfestival.fr\/#\/schema\/logo\/image\/"}},{"@type":"WebSite","@id":"http:\/\/www.dinardopeningfestival.fr\/#website","url":"http:\/\/www.dinardopeningfestival.fr\/","name":"Festival Dinard Opening","description":"Le Festival des Musiques Britanniques","publisher":{"@id":"http:\/\/www.dinardopeningfestival.fr\/#organization"},"potentialAction":[{"@type":"SearchAction","target":{"@type":"EntryPoint","urlTemplate":"http:\/\/www.dinardopeningfestival.fr\/?s={search_term_string}"},"query-input":"required name=search_term_string"}],"inLanguage":"fr-FR"},{"@type":"ImageObject","inLanguage":"fr-FR","@id":"https:\/\/www.dinardopeningfestival.fr\/index.php\/rum-buffalo\/#primaryimage","url":"https:\/\/www.dinardopeningfestival.fr\/wp-content\/uploads\/2024\/04\/Rum-Buffalo-Credit-Rum-Buffalo-1024x683.jpg","contentUrl":"https:\/\/www.dinardopeningfestival.fr\/wp-content\/uploads\/2024\/04\/Rum-Buffalo-Credit-Rum-Buffalo-1024x683.jpg"},{"@type":"WebPage","@id":"https:\/\/www.dinardopeningfestival.fr\/index.php\/rum-buffalo\/#webpage","url":"https:\/\/www.dinardopeningfestival.fr\/index.php\/rum-buffalo\/","name":"Rum Buffalo - Festival Dinard Opening","isPartOf":{"@id":"http:\/\/www.dinardopeningfestival.fr\/#website"},"primaryImageOfPage":{"@id":"https:\/\/www.dinardopeningfestival.fr\/index.php\/rum-buffalo\/#primaryimage"},"datePublished":"2024-04-17T14:37:37+00:00","dateModified":"2024-05-27T12:06:59+00:00","breadcrumb":{"@id":"https:\/\/www.dinardopeningfestival.fr\/index.php\/rum-buffalo\/#breadcrumb"},"inLanguage":"fr-FR","potentialAction":[{"@type":"ReadAction","target":["https:\/\/www.dinardopeningfestival.fr\/index.php\/rum-buffalo\/"]}]},{"@type":"BreadcrumbList","@id":"https:\/\/www.dinardopeningfestival.fr\/index.php\/rum-buffalo\/#breadcrumb","itemListElement":[{"@type":"ListItem","position":1,"name":"Accueil","item":"http:\/\/www.dinardopeningfestival.fr\/"},{"@type":"ListItem","position":2,"name":"Rum Buffalo"}]}]}},"_links":{"self":[{"href":"https:\/\/www.dinardopeningfestival.fr\/index.php\/wp-json\/wp\/v2\/pages\/1960","targetHints":{"allow":["GET"]}}],"collection":[{"href":"https:\/\/www.dinardopeningfestival.fr\/index.php\/wp-json\/wp\/v2\/pages"}],"about":[{"href":"https:\/\/www.dinardopeningfestival.fr\/index.php\/wp-json\/wp\/v2\/types\/page"}],"author":[{"embeddable":true,"href":"https:\/\/www.dinardopeningfestival.fr\/index.php\/wp-json\/wp\/v2\/users\/1"}],"replies":[{"embeddable":true,"href":"https:\/\/www.dinardopeningfestival.fr\/index.php\/wp-json\/wp\/v2\/comments?post=1960"}],"version-history":[{"count":10,"href":"https:\/\/www.dinardopeningfestival.fr\/index.php\/wp-json\/wp\/v2\/pages\/1960\/revisions"}],"predecessor-version":[{"id":2259,"href":"https:\/\/www.dinardopeningfestival.fr\/index.php\/wp-json\/wp\/v2\/pages\/1960\/revisions\/2259"}],"wp:attachment":[{"href":"https:\/\/www.dinardopeningfestival.fr\/index.php\/wp-json\/wp\/v2\/media?parent=1960"}],"curies":[{"name":"wp","href":"https:\/\/api.w.org\/{rel}","templated":true}]}}