{"id":1984,"date":"2024-04-17T16:36:19","date_gmt":"2024-04-17T14:36:19","guid":{"rendered":"https:\/\/www.dinardopeningfestival.fr\/?page_id=1984"},"modified":"2024-06-11T11:51:03","modified_gmt":"2024-06-11T09:51:03","slug":"isabelle-georges-frederik-steenbrink","status":"publish","type":"page","link":"https:\/\/www.dinardopeningfestival.fr\/index.php\/isabelle-georges-frederik-steenbrink\/","title":{"rendered":"Isabelle Georges &#038; Frederik Steenbrink"},"content":{"rendered":"\n<h4 class=\"wp-block-heading\"><strong>Com\u00e9dies musicales \/ Broadway<br>HOMMAGE FANTAISISTE \u00c0 JULIE ANDREWS<\/strong><\/h4>\n\n\n\n<h3 class=\"has-text-align-right wp-block-heading\"><mark style=\"background-color:rgba(0, 0, 0, 0)\" class=\"has-inline-color has-vivid-cyan-blue-color\">9 ao\u00fbt 2024 \u2013\u00a020h30<br>Parvis de Port-Breton<\/mark><\/h3>\n\n\n\n<figure class=\"wp-block-image size-large\"><img loading=\"lazy\" decoding=\"async\" width=\"1024\" height=\"680\" src=\"https:\/\/www.dinardopeningfestival.fr\/wp-content\/uploads\/2024\/04\/Isabelle-Georges-c-Victor-Tonelli-1024x680.png\" alt=\"\" class=\"wp-image-2007\" srcset=\"https:\/\/www.dinardopeningfestival.fr\/wp-content\/uploads\/2024\/04\/Isabelle-Georges-c-Victor-Tonelli-1024x680.png 1024w, https:\/\/www.dinardopeningfestival.fr\/wp-content\/uploads\/2024\/04\/Isabelle-Georges-c-Victor-Tonelli-300x199.png 300w, https:\/\/www.dinardopeningfestival.fr\/wp-content\/uploads\/2024\/04\/Isabelle-Georges-c-Victor-Tonelli-768x510.png 768w, https:\/\/www.dinardopeningfestival.fr\/wp-content\/uploads\/2024\/04\/Isabelle-Georges-c-Victor-Tonelli-1536x1020.png 1536w, https:\/\/www.dinardopeningfestival.fr\/wp-content\/uploads\/2024\/04\/Isabelle-Georges-c-Victor-Tonelli-24x16.png 24w, https:\/\/www.dinardopeningfestival.fr\/wp-content\/uploads\/2024\/04\/Isabelle-Georges-c-Victor-Tonelli-36x24.png 36w, https:\/\/www.dinardopeningfestival.fr\/wp-content\/uploads\/2024\/04\/Isabelle-Georges-c-Victor-Tonelli-48x32.png 48w, https:\/\/www.dinardopeningfestival.fr\/wp-content\/uploads\/2024\/04\/Isabelle-Georges-c-Victor-Tonelli.png 1740w\" sizes=\"auto, (max-width: 1024px) 100vw, 1024px\" \/><figcaption>\u00a9 Victor Tonelli<\/figcaption><\/figure>\n\n\n\n<p>Tout juste revenus de New York, acclam\u00e9s \u00e0 Broadway, la f\u00e9e rousse <strong>Isabelle Georges<\/strong> et son complice et directeur musical <strong>Frederik Steenbrink<\/strong> font \u00e9tape \u00e0 Port-Breton pour rendre hommage \u00e0 l\u2019actrice britannique mythique <strong>Julie Andrews<\/strong> qui incarna Mary Poppins. Alliant des m\u00e9lodies devenues intemporelles \u00e0 la danse et aux claquettes, ce spectacle p\u00e9tillant et fantaisiste fait la part belle aux standards de la com\u00e9die musicale.<\/p>\n\n\n\n<p>Les deux artistes soutenus par leur formation instrumentale retracent la carri\u00e8re de celle qui fut surnomm\u00e9e la plus jeune Prima Donna Britannique, star du West End, de Broadway et du grand \u00e9cran, r\u00e9compens\u00e9e de plusieurs Emmy, Grammy, Golden Globe et Tony Awards.<\/p>\n\n\n\n<p>Quelques titres incarn\u00e9s par Julie Andrews, <em>I Could Have Danced All Night<\/em>, extrait de <em>My Fair Lady<\/em>, cr\u00e9\u00e9e \u00e0 Broadway en 1956, <em>Le Jazz Hot<\/em>, extrait de <em>Victor\/Victoria<\/em>, <em>Medley Mary Poppins<\/em>, du film qui lui vaudra en 1964 la cons\u00e9cration, et l\u2019Oscar de la meilleure actrice. <em>The Sound of Music<\/em> (La M\u00e9lodie du bonheur ), <em>Moon River<\/em> (Diamants sur canap\u00e9). Le duo nterpr\u00e8te aussi <em>West Side Story<\/em>, <em>Crazy World<\/em>, <em>42<sup>nd<\/sup> Street<\/em>, <em>All That Jazz<\/em>, <em>Les Parapluies de Cherbourg<\/em>, <em>Porgy \u2019n Bess<\/em>, etc.<\/p>\n\n\n\n<p>Que du bonheur, des paillettes dans les yeux des petits comme des grands. Un h\u00e9ritage musical en partage, toutes g\u00e9n\u00e9rations confondues.<\/p>\n\n\n\n<h3 class=\"wp-block-heading\"><strong>Isabelle Georges<\/strong>, chant &amp; claquettes<br><strong>Frederik Steenbrink<\/strong>, chant<br><strong>Samuel Domergue<\/strong>, batterie<br><strong>Rapha\u00ebl Sanchez<\/strong>, piano<br><strong>Michel Barr\u00e9<\/strong>, trompette<br><strong>Florian Bonnin<\/strong>, trompette<br><strong>Augustin Barr\u00e9<\/strong>, trombone<br><strong>Albin Leboss\u00e9<\/strong>, cor<br><strong>Beno\u00eet Fourreau<\/strong>, tuba<\/h3>\n\n\n\n<p><em>Vente de boissons et restauration sur place.<\/em><\/p>\n\n\n\n<div class=\"wp-block-buttons is-content-justification-center is-layout-flex wp-container-core-buttons-is-layout-16018d1d wp-block-buttons-is-layout-flex\">\n<div class=\"wp-block-button\"><a class=\"wp-block-button__link\" href=\"https:\/\/indiv.themisweb.fr\/0534\/fListeManifs.aspx?idstructure=0534\" target=\"_blank\" rel=\"noreferrer noopener\">ACHETER VOTRE BILLET<\/a><\/div>\n<\/div>\n\n\n\n<p><\/p>\n\n\n\n<p><\/p>\n","protected":false},"excerpt":{"rendered":"<p>Com\u00e9dies musicales \/ BroadwayHOMMAGE FANTAISISTE \u00c0 JULIE ANDREWS 9 ao\u00fbt 2024 \u2013\u00a020h30Parvis de Port-Breton Tout juste revenus de New York, acclam\u00e9s \u00e0 Broadway, la f\u00e9e rousse Isabelle Georges et son complice et directeur musical Frederik Steenbrink font \u00e9tape \u00e0 Port-Breton pour rendre hommage \u00e0 l\u2019actrice britannique mythique Julie Andrews qui incarna Mary Poppins. Alliant des [&hellip;]<\/p>\n","protected":false},"author":1,"featured_media":0,"parent":0,"menu_order":0,"comment_status":"closed","ping_status":"closed","template":"","meta":{"footnotes":""},"class_list":["post-1984","page","type-page","status-publish","hentry"],"yoast_head":"<!-- This site is optimized with the Yoast SEO plugin v19.2 - https:\/\/yoast.com\/wordpress\/plugins\/seo\/ -->\n<title>Isabelle Georges &amp; Frederik Steenbrink - Festival Dinard Opening<\/title>\n<meta name=\"robots\" content=\"index, follow, max-snippet:-1, max-image-preview:large, max-video-preview:-1\" \/>\n<link rel=\"canonical\" href=\"https:\/\/www.dinardopeningfestival.fr\/index.php\/isabelle-georges-frederik-steenbrink\/\" \/>\n<meta property=\"og:locale\" content=\"fr_FR\" \/>\n<meta property=\"og:type\" content=\"article\" \/>\n<meta property=\"og:title\" content=\"Isabelle Georges &amp; Frederik Steenbrink - Festival Dinard Opening\" \/>\n<meta property=\"og:description\" content=\"Com\u00e9dies musicales \/ BroadwayHOMMAGE FANTAISISTE \u00c0 JULIE ANDREWS 9 ao\u00fbt 2024 \u2013\u00a020h30Parvis de Port-Breton Tout juste revenus de New York, acclam\u00e9s \u00e0 Broadway, la f\u00e9e rousse Isabelle Georges et son complice et directeur musical Frederik Steenbrink font \u00e9tape \u00e0 Port-Breton pour rendre hommage \u00e0 l\u2019actrice britannique mythique Julie Andrews qui incarna Mary Poppins. Alliant des [&hellip;]\" \/>\n<meta property=\"og:url\" content=\"https:\/\/www.dinardopeningfestival.fr\/index.php\/isabelle-georges-frederik-steenbrink\/\" \/>\n<meta property=\"og:site_name\" content=\"Festival Dinard Opening\" \/>\n<meta property=\"article:publisher\" content=\"https:\/\/www.facebook.com\/DinardOpeningFestival\" \/>\n<meta property=\"article:modified_time\" content=\"2024-06-11T09:51:03+00:00\" \/>\n<meta property=\"og:image\" content=\"https:\/\/www.dinardopeningfestival.fr\/wp-content\/uploads\/2024\/04\/Isabelle-Georges-c-Victor-Tonelli-1024x680.png\" \/>\n<meta name=\"author\" content=\"admin4235\" \/>\n<meta name=\"twitter:card\" content=\"summary_large_image\" \/>\n<meta name=\"twitter:label1\" content=\"Dur\u00e9e de lecture estim\u00e9e\" \/>\n\t<meta name=\"twitter:data1\" content=\"2 minutes\" \/>\n<script type=\"application\/ld+json\" class=\"yoast-schema-graph\">{\"@context\":\"https:\/\/schema.org\",\"@graph\":[{\"@type\":\"Organization\",\"@id\":\"http:\/\/www.dinardopeningfestival.fr\/#organization\",\"name\":\"Festival Dinard Opening\",\"url\":\"http:\/\/www.dinardopeningfestival.fr\/\",\"sameAs\":[\"https:\/\/www.instagram.com\/dinardopening\/\",\"https:\/\/www.facebook.com\/DinardOpeningFestival\"],\"logo\":{\"@type\":\"ImageObject\",\"inLanguage\":\"fr-FR\",\"@id\":\"http:\/\/www.dinardopeningfestival.fr\/#\/schema\/logo\/image\/\",\"url\":\"https:\/\/www.dinardopeningfestival.fr\/wp-content\/uploads\/2021\/06\/Logo-Dinard-bleu-opening-rouge-1-scaled.jpg\",\"contentUrl\":\"https:\/\/www.dinardopeningfestival.fr\/wp-content\/uploads\/2021\/06\/Logo-Dinard-bleu-opening-rouge-1-scaled.jpg\",\"width\":2560,\"height\":1810,\"caption\":\"Festival Dinard Opening\"},\"image\":{\"@id\":\"http:\/\/www.dinardopeningfestival.fr\/#\/schema\/logo\/image\/\"}},{\"@type\":\"WebSite\",\"@id\":\"http:\/\/www.dinardopeningfestival.fr\/#website\",\"url\":\"http:\/\/www.dinardopeningfestival.fr\/\",\"name\":\"Festival Dinard Opening\",\"description\":\"Le Festival des Musiques Britanniques\",\"publisher\":{\"@id\":\"http:\/\/www.dinardopeningfestival.fr\/#organization\"},\"potentialAction\":[{\"@type\":\"SearchAction\",\"target\":{\"@type\":\"EntryPoint\",\"urlTemplate\":\"http:\/\/www.dinardopeningfestival.fr\/?s={search_term_string}\"},\"query-input\":\"required name=search_term_string\"}],\"inLanguage\":\"fr-FR\"},{\"@type\":\"ImageObject\",\"inLanguage\":\"fr-FR\",\"@id\":\"https:\/\/www.dinardopeningfestival.fr\/index.php\/isabelle-georges-frederik-steenbrink\/#primaryimage\",\"url\":\"https:\/\/www.dinardopeningfestival.fr\/wp-content\/uploads\/2024\/04\/Isabelle-Georges-c-Victor-Tonelli-1024x680.png\",\"contentUrl\":\"https:\/\/www.dinardopeningfestival.fr\/wp-content\/uploads\/2024\/04\/Isabelle-Georges-c-Victor-Tonelli-1024x680.png\"},{\"@type\":\"WebPage\",\"@id\":\"https:\/\/www.dinardopeningfestival.fr\/index.php\/isabelle-georges-frederik-steenbrink\/#webpage\",\"url\":\"https:\/\/www.dinardopeningfestival.fr\/index.php\/isabelle-georges-frederik-steenbrink\/\",\"name\":\"Isabelle Georges & Frederik Steenbrink - Festival Dinard Opening\",\"isPartOf\":{\"@id\":\"http:\/\/www.dinardopeningfestival.fr\/#website\"},\"primaryImageOfPage\":{\"@id\":\"https:\/\/www.dinardopeningfestival.fr\/index.php\/isabelle-georges-frederik-steenbrink\/#primaryimage\"},\"datePublished\":\"2024-04-17T14:36:19+00:00\",\"dateModified\":\"2024-06-11T09:51:03+00:00\",\"breadcrumb\":{\"@id\":\"https:\/\/www.dinardopeningfestival.fr\/index.php\/isabelle-georges-frederik-steenbrink\/#breadcrumb\"},\"inLanguage\":\"fr-FR\",\"potentialAction\":[{\"@type\":\"ReadAction\",\"target\":[\"https:\/\/www.dinardopeningfestival.fr\/index.php\/isabelle-georges-frederik-steenbrink\/\"]}]},{\"@type\":\"BreadcrumbList\",\"@id\":\"https:\/\/www.dinardopeningfestival.fr\/index.php\/isabelle-georges-frederik-steenbrink\/#breadcrumb\",\"itemListElement\":[{\"@type\":\"ListItem\",\"position\":1,\"name\":\"Accueil\",\"item\":\"http:\/\/www.dinardopeningfestival.fr\/\"},{\"@type\":\"ListItem\",\"position\":2,\"name\":\"Isabelle Georges &#038; Frederik Steenbrink\"}]}]}<\/script>\n<!-- \/ Yoast SEO plugin. -->","yoast_head_json":{"title":"Isabelle Georges & Frederik Steenbrink - Festival Dinard Opening","robots":{"index":"index","follow":"follow","max-snippet":"max-snippet:-1","max-image-preview":"max-image-preview:large","max-video-preview":"max-video-preview:-1"},"canonical":"https:\/\/www.dinardopeningfestival.fr\/index.php\/isabelle-georges-frederik-steenbrink\/","og_locale":"fr_FR","og_type":"article","og_title":"Isabelle Georges & Frederik Steenbrink - Festival Dinard Opening","og_description":"Com\u00e9dies musicales \/ BroadwayHOMMAGE FANTAISISTE \u00c0 JULIE ANDREWS 9 ao\u00fbt 2024 \u2013\u00a020h30Parvis de Port-Breton Tout juste revenus de New York, acclam\u00e9s \u00e0 Broadway, la f\u00e9e rousse Isabelle Georges et son complice et directeur musical Frederik Steenbrink font \u00e9tape \u00e0 Port-Breton pour rendre hommage \u00e0 l\u2019actrice britannique mythique Julie Andrews qui incarna Mary Poppins. Alliant des [&hellip;]","og_url":"https:\/\/www.dinardopeningfestival.fr\/index.php\/isabelle-georges-frederik-steenbrink\/","og_site_name":"Festival Dinard Opening","article_publisher":"https:\/\/www.facebook.com\/DinardOpeningFestival","article_modified_time":"2024-06-11T09:51:03+00:00","og_image":[{"url":"https:\/\/www.dinardopeningfestival.fr\/wp-content\/uploads\/2024\/04\/Isabelle-Georges-c-Victor-Tonelli-1024x680.png"}],"author":"admin4235","twitter_card":"summary_large_image","twitter_misc":{"Dur\u00e9e de lecture estim\u00e9e":"2 minutes"},"schema":{"@context":"https:\/\/schema.org","@graph":[{"@type":"Organization","@id":"http:\/\/www.dinardopeningfestival.fr\/#organization","name":"Festival Dinard Opening","url":"http:\/\/www.dinardopeningfestival.fr\/","sameAs":["https:\/\/www.instagram.com\/dinardopening\/","https:\/\/www.facebook.com\/DinardOpeningFestival"],"logo":{"@type":"ImageObject","inLanguage":"fr-FR","@id":"http:\/\/www.dinardopeningfestival.fr\/#\/schema\/logo\/image\/","url":"https:\/\/www.dinardopeningfestival.fr\/wp-content\/uploads\/2021\/06\/Logo-Dinard-bleu-opening-rouge-1-scaled.jpg","contentUrl":"https:\/\/www.dinardopeningfestival.fr\/wp-content\/uploads\/2021\/06\/Logo-Dinard-bleu-opening-rouge-1-scaled.jpg","width":2560,"height":1810,"caption":"Festival Dinard Opening"},"image":{"@id":"http:\/\/www.dinardopeningfestival.fr\/#\/schema\/logo\/image\/"}},{"@type":"WebSite","@id":"http:\/\/www.dinardopeningfestival.fr\/#website","url":"http:\/\/www.dinardopeningfestival.fr\/","name":"Festival Dinard Opening","description":"Le Festival des Musiques Britanniques","publisher":{"@id":"http:\/\/www.dinardopeningfestival.fr\/#organization"},"potentialAction":[{"@type":"SearchAction","target":{"@type":"EntryPoint","urlTemplate":"http:\/\/www.dinardopeningfestival.fr\/?s={search_term_string}"},"query-input":"required name=search_term_string"}],"inLanguage":"fr-FR"},{"@type":"ImageObject","inLanguage":"fr-FR","@id":"https:\/\/www.dinardopeningfestival.fr\/index.php\/isabelle-georges-frederik-steenbrink\/#primaryimage","url":"https:\/\/www.dinardopeningfestival.fr\/wp-content\/uploads\/2024\/04\/Isabelle-Georges-c-Victor-Tonelli-1024x680.png","contentUrl":"https:\/\/www.dinardopeningfestival.fr\/wp-content\/uploads\/2024\/04\/Isabelle-Georges-c-Victor-Tonelli-1024x680.png"},{"@type":"WebPage","@id":"https:\/\/www.dinardopeningfestival.fr\/index.php\/isabelle-georges-frederik-steenbrink\/#webpage","url":"https:\/\/www.dinardopeningfestival.fr\/index.php\/isabelle-georges-frederik-steenbrink\/","name":"Isabelle Georges & Frederik Steenbrink - Festival Dinard Opening","isPartOf":{"@id":"http:\/\/www.dinardopeningfestival.fr\/#website"},"primaryImageOfPage":{"@id":"https:\/\/www.dinardopeningfestival.fr\/index.php\/isabelle-georges-frederik-steenbrink\/#primaryimage"},"datePublished":"2024-04-17T14:36:19+00:00","dateModified":"2024-06-11T09:51:03+00:00","breadcrumb":{"@id":"https:\/\/www.dinardopeningfestival.fr\/index.php\/isabelle-georges-frederik-steenbrink\/#breadcrumb"},"inLanguage":"fr-FR","potentialAction":[{"@type":"ReadAction","target":["https:\/\/www.dinardopeningfestival.fr\/index.php\/isabelle-georges-frederik-steenbrink\/"]}]},{"@type":"BreadcrumbList","@id":"https:\/\/www.dinardopeningfestival.fr\/index.php\/isabelle-georges-frederik-steenbrink\/#breadcrumb","itemListElement":[{"@type":"ListItem","position":1,"name":"Accueil","item":"http:\/\/www.dinardopeningfestival.fr\/"},{"@type":"ListItem","position":2,"name":"Isabelle Georges &#038; Frederik Steenbrink"}]}]}},"_links":{"self":[{"href":"https:\/\/www.dinardopeningfestival.fr\/index.php\/wp-json\/wp\/v2\/pages\/1984","targetHints":{"allow":["GET"]}}],"collection":[{"href":"https:\/\/www.dinardopeningfestival.fr\/index.php\/wp-json\/wp\/v2\/pages"}],"about":[{"href":"https:\/\/www.dinardopeningfestival.fr\/index.php\/wp-json\/wp\/v2\/types\/page"}],"author":[{"embeddable":true,"href":"https:\/\/www.dinardopeningfestival.fr\/index.php\/wp-json\/wp\/v2\/users\/1"}],"replies":[{"embeddable":true,"href":"https:\/\/www.dinardopeningfestival.fr\/index.php\/wp-json\/wp\/v2\/comments?post=1984"}],"version-history":[{"count":9,"href":"https:\/\/www.dinardopeningfestival.fr\/index.php\/wp-json\/wp\/v2\/pages\/1984\/revisions"}],"predecessor-version":[{"id":2270,"href":"https:\/\/www.dinardopeningfestival.fr\/index.php\/wp-json\/wp\/v2\/pages\/1984\/revisions\/2270"}],"wp:attachment":[{"href":"https:\/\/www.dinardopeningfestival.fr\/index.php\/wp-json\/wp\/v2\/media?parent=1984"}],"curies":[{"name":"wp","href":"https:\/\/api.w.org\/{rel}","templated":true}]}}