{"id":60,"date":"2021-06-02T16:04:51","date_gmt":"2021-06-02T14:04:51","guid":{"rendered":"http:\/\/ygzvpgw.cluster030.hosting.ovh.net\/?page_id=60"},"modified":"2021-08-04T09:51:35","modified_gmt":"2021-08-04T07:51:35","slug":"concert-jeunes-talents","status":"publish","type":"page","link":"https:\/\/www.dinardopeningfestival.fr\/index.php\/concert-jeunes-talents\/","title":{"rendered":"Concert Jeunes Talents"},"content":{"rendered":"\n<figure class=\"wp-block-image alignfull size-large\"><img loading=\"lazy\" decoding=\"async\" width=\"1024\" height=\"437\" src=\"http:\/\/ygzvpgw.cluster030.hosting.ovh.net\/wp-content\/uploads\/2021\/06\/jeunes-talents-e1623240133679-1024x437.jpg\" alt=\"\" class=\"wp-image-234\" srcset=\"https:\/\/www.dinardopeningfestival.fr\/wp-content\/uploads\/2021\/06\/jeunes-talents-e1623240133679-1024x437.jpg 1024w, https:\/\/www.dinardopeningfestival.fr\/wp-content\/uploads\/2021\/06\/jeunes-talents-e1623240133679-300x128.jpg 300w, https:\/\/www.dinardopeningfestival.fr\/wp-content\/uploads\/2021\/06\/jeunes-talents-e1623240133679-768x327.jpg 768w, https:\/\/www.dinardopeningfestival.fr\/wp-content\/uploads\/2021\/06\/jeunes-talents-e1623240133679-24x10.jpg 24w, https:\/\/www.dinardopeningfestival.fr\/wp-content\/uploads\/2021\/06\/jeunes-talents-e1623240133679-36x15.jpg 36w, https:\/\/www.dinardopeningfestival.fr\/wp-content\/uploads\/2021\/06\/jeunes-talents-e1623240133679-48x20.jpg 48w, https:\/\/www.dinardopeningfestival.fr\/wp-content\/uploads\/2021\/06\/jeunes-talents-e1623240133679.jpg 1236w\" sizes=\"auto, (max-width: 1024px) 100vw, 1024px\" \/><\/figure>\n\n\n\n<h2 class=\"wp-block-heading\"><strong>QUATUOR \u00c9MERAUDE<\/strong><\/h2>\n\n\n\n<h4 class=\"wp-block-heading\">Tout au long de ces journ\u00e9es, on pourra entendre dans Dinard de jeunes artistes brillants, issus du <strong>CNSM<\/strong> de Paris. Bien qu\u2019encore \u00e9tudiants, ils jouissent d\u00e9j\u00e0 d\u2019une reconnaissance m\u00e9rit\u00e9e tels qu\u2019en t\u00e9moignent leurs parcours, les invitations \u00e0 se produire en solistes au sein d\u2019orchestres prestigieux, la confiance que leur ont accord\u00e9e diff\u00e9rentes fondations et institutions en leur pr\u00eatant des instruments.<\/h4>\n\n\n\n<h4 class=\"wp-block-heading\">Loin de se cantonner au r\u00e9pertoire classique, ils ont imagin\u00e9 et transcrit pour leur formation des airs et des chansons que tous reconna\u00eetront et auront plaisir \u00e0 entendre : <strong>The Verve, Beatles, John Lennon, Led Zeppelin, Queen\u2026<\/strong> mais aussi des musiques de film\u2026 <strong>Harry Potter, James Bond\u2026<\/strong> et quelques surprises qui s\u2019inscrivent dans le cadre de la programmation g\u00e9n\u00e9rale du festival. <br>Ainsi auront-ils traduit le opening mind du festival !<\/h4>\n\n\n\n<h4 class=\"wp-block-heading\">Libre \u00e0 eux en ce 12 ao\u00fbt d\u2019exprimer leurs talents dans des \u0153uvres non moins connues\u2026 de compositeurs anglais, mais pas exclusivement\u2026<\/h4>\n\n\n\n<hr class=\"wp-block-separator is-style-wide\"\/>\n\n\n\n<h4 class=\"wp-block-heading\"><strong>PROGRAMME<\/strong><br>Benjamin BRITTEN (1913-1976)<br>Simple Symphony for string quartet op.4<br>Rebecca CLARKE (1886-1979)<br>Poem for string quartet<br>Gustav HOLST (1874-1934)<br>St Paul\u2019s Suite<\/h4>\n\n\n\n<hr class=\"wp-block-separator is-style-wide\"\/>\n\n\n\n<h3 class=\"wp-block-heading\">Iris SCIALOM, violon<br>Sarah J\u00c9GOU-SAGEMAN, violon<br>Eve-Melody SALOM, alto<br>Valentin HOFFMANN, violoncelle<br>Avec la participation de LADISLAS KLATKA, cornemuse \u00e9cossaise<\/h3>\n\n\n\n<hr class=\"wp-block-separator is-style-wide\"\/>\n\n\n\n<figure class=\"wp-block-image alignfull size-large\"><img loading=\"lazy\" decoding=\"async\" width=\"1024\" height=\"488\" src=\"http:\/\/www.dinardopeningfestival.fr\/wp-content\/uploads\/2021\/06\/viano-1024x488.jpg\" alt=\"\" class=\"wp-image-421\" srcset=\"https:\/\/www.dinardopeningfestival.fr\/wp-content\/uploads\/2021\/06\/viano-1024x488.jpg 1024w, https:\/\/www.dinardopeningfestival.fr\/wp-content\/uploads\/2021\/06\/viano-300x143.jpg 300w, https:\/\/www.dinardopeningfestival.fr\/wp-content\/uploads\/2021\/06\/viano-768x366.jpg 768w, https:\/\/www.dinardopeningfestival.fr\/wp-content\/uploads\/2021\/06\/viano-24x11.jpg 24w, https:\/\/www.dinardopeningfestival.fr\/wp-content\/uploads\/2021\/06\/viano-36x17.jpg 36w, https:\/\/www.dinardopeningfestival.fr\/wp-content\/uploads\/2021\/06\/viano-48x23.jpg 48w, https:\/\/www.dinardopeningfestival.fr\/wp-content\/uploads\/2021\/06\/viano.jpg 1240w\" sizes=\"auto, (max-width: 1024px) 100vw, 1024px\" \/><\/figure>\n\n\n\n<h2 class=\"wp-block-heading\"><strong>ENSEMBLE VIANO<\/strong><\/h2>\n\n\n\n<h4 class=\"wp-block-heading\">Les membres de ce jeune ensemble, tous dipl\u00f4m\u00e9s du <strong>Conservatoire Sup\u00e9rieur de Paris<\/strong>, se sont li\u00e9s d\u2019amiti\u00e9 au fil de leurs \u00e9tudes. Se produisant chacun dans des orchestres prestigieux tels que l\u2019Orchestre National de France, L\u2019Op\u00e9ra de Francfort, l\u2019Orchestre de Paris\u2026 ils se sentent attir\u00e9s par cette formation plus intime. Les conseils avis\u00e9s de <strong>David Walter<\/strong>, <strong>Michel Moragu\u00e8s<\/strong> et <strong>Jens McManama<\/strong> leur permettent d\u2019explorer les jeux de timbres et les vastes possibilit\u00e9s expressives et artistiques qu\u2019offre le quintette \u00e0 vent. Ils ont \u00e0 c\u0153ur de transmettre le r\u00e9pertoire original et \u00e9clectique de cette formation, <strong>de Mozart \u00e0 Ligeti en passant par Barber et Nielsen<\/strong> tout en s\u2019int\u00e9ressant aux contes pour enfants et \u00e0<br>la cr\u00e9ation contemporaine.<br><br>L\u2019ensemble Viano entame en 2020 le cursus de master de musique<br>de chambre dans la classe de <strong>David Walter <\/strong>au<strong> Conservatoire de Paris<\/strong>.<\/h4>\n\n\n\n<hr class=\"wp-block-separator is-style-wide\"\/>\n\n\n\n<h4 class=\"wp-block-heading\"><strong>PROGRAMME<\/strong><br>Franck BRIDGE (1879-1941)<br>Novelletten<br>Darius MILHAUD (1892-1974)<br>La chemin\u00e9e du Roi Ren\u00e9<br>Malcolm ARNORLD (1921-2006)<br>Three Shanties<\/h4>\n\n\n\n<hr class=\"wp-block-separator is-style-wide\"\/>\n\n\n\n<h3 class=\"wp-block-heading\">Corentin GARAC, fl\u00fbte<br>Paul ATLAN, hautbois<br>Lilian LEFEBVRE, clarinette<br>Antoine MORISOT, cor<br>Juliette BOURETTE, BASSON (Syst\u00e8me Allemand)<\/h3>\n\n\n\n<h5 class=\"has-text-align-right wp-block-heading\"><a href=\"http:\/\/www.dinardopeningfestival.fr\/index.php\/informations-pratiques\/\">Tarifs D \/ E<\/a><\/h5>\n\n\n\n<h4 class=\"has-text-align-right wp-block-heading\">&gt; <strong><a href=\"https:\/\/bit.ly\/3q7dLyI\">Achetez votre billet<\/a><\/strong> &lt;<\/h4>\n\n\n\n<hr class=\"wp-block-separator is-style-wide\"\/>\n\n\n\n<div class=\"wp-block-image\"><figure class=\"aligncenter size-large is-resized\"><img loading=\"lazy\" decoding=\"async\" src=\"http:\/\/www.dinardopeningfestival.fr\/wp-content\/uploads\/2021\/06\/drapeau-royaume-uni.png\" alt=\"\" class=\"wp-image-574\" width=\"87\" height=\"87\" srcset=\"https:\/\/www.dinardopeningfestival.fr\/wp-content\/uploads\/2021\/06\/drapeau-royaume-uni.png 360w, https:\/\/www.dinardopeningfestival.fr\/wp-content\/uploads\/2021\/06\/drapeau-royaume-uni-300x300.png 300w, https:\/\/www.dinardopeningfestival.fr\/wp-content\/uploads\/2021\/06\/drapeau-royaume-uni-150x150.png 150w, https:\/\/www.dinardopeningfestival.fr\/wp-content\/uploads\/2021\/06\/drapeau-royaume-uni-24x24.png 24w, https:\/\/www.dinardopeningfestival.fr\/wp-content\/uploads\/2021\/06\/drapeau-royaume-uni-36x36.png 36w, https:\/\/www.dinardopeningfestival.fr\/wp-content\/uploads\/2021\/06\/drapeau-royaume-uni-48x48.png 48w\" sizes=\"auto, (max-width: 87px) 100vw, 87px\" \/><\/figure><\/div>\n\n\n\n<h4 class=\"wp-block-heading\">With a free rein, these young musicians, (all of whom graduated from French or London Conservatories) alternate on stage with their repertoire revolving around<br>British music.<\/h4>\n","protected":false},"excerpt":{"rendered":"<p>QUATUOR \u00c9MERAUDE Tout au long de ces journ\u00e9es, on pourra entendre dans Dinard de jeunes artistes brillants, issus du CNSM de Paris. Bien qu\u2019encore \u00e9tudiants, ils jouissent d\u00e9j\u00e0 d\u2019une reconnaissance m\u00e9rit\u00e9e tels qu\u2019en t\u00e9moignent leurs parcours, les invitations \u00e0 se produire en solistes au sein d\u2019orchestres prestigieux, la confiance que leur ont accord\u00e9e diff\u00e9rentes fondations [&hellip;]<\/p>\n","protected":false},"author":1,"featured_media":0,"parent":0,"menu_order":0,"comment_status":"closed","ping_status":"closed","template":"","meta":{"footnotes":""},"class_list":["post-60","page","type-page","status-publish","hentry"],"yoast_head":"<!-- This site is optimized with the Yoast SEO plugin v19.2 - https:\/\/yoast.com\/wordpress\/plugins\/seo\/ -->\n<title>Concert Jeunes Talents - Festival Dinard Opening<\/title>\n<meta name=\"robots\" content=\"index, follow, max-snippet:-1, max-image-preview:large, max-video-preview:-1\" \/>\n<link rel=\"canonical\" href=\"https:\/\/www.dinardopeningfestival.fr\/index.php\/concert-jeunes-talents\/\" \/>\n<meta property=\"og:locale\" content=\"fr_FR\" \/>\n<meta property=\"og:type\" content=\"article\" \/>\n<meta property=\"og:title\" content=\"Concert Jeunes Talents - Festival Dinard Opening\" \/>\n<meta property=\"og:description\" content=\"QUATUOR \u00c9MERAUDE Tout au long de ces journ\u00e9es, on pourra entendre dans Dinard de jeunes artistes brillants, issus du CNSM de Paris. Bien qu\u2019encore \u00e9tudiants, ils jouissent d\u00e9j\u00e0 d\u2019une reconnaissance m\u00e9rit\u00e9e tels qu\u2019en t\u00e9moignent leurs parcours, les invitations \u00e0 se produire en solistes au sein d\u2019orchestres prestigieux, la confiance que leur ont accord\u00e9e diff\u00e9rentes fondations [&hellip;]\" \/>\n<meta property=\"og:url\" content=\"https:\/\/www.dinardopeningfestival.fr\/index.php\/concert-jeunes-talents\/\" \/>\n<meta property=\"og:site_name\" content=\"Festival Dinard Opening\" \/>\n<meta property=\"article:publisher\" content=\"https:\/\/www.facebook.com\/DinardOpeningFestival\" \/>\n<meta property=\"article:modified_time\" content=\"2021-08-04T07:51:35+00:00\" \/>\n<meta property=\"og:image\" content=\"http:\/\/ygzvpgw.cluster030.hosting.ovh.net\/wp-content\/uploads\/2021\/06\/jeunes-talents-e1623240133679-1024x437.jpg\" \/>\n<meta name=\"author\" content=\"admin4235\" \/>\n<meta name=\"twitter:card\" content=\"summary_large_image\" \/>\n<meta name=\"twitter:label1\" content=\"Dur\u00e9e de lecture estim\u00e9e\" \/>\n\t<meta name=\"twitter:data1\" content=\"2 minutes\" \/>\n<script type=\"application\/ld+json\" class=\"yoast-schema-graph\">{\"@context\":\"https:\/\/schema.org\",\"@graph\":[{\"@type\":\"Organization\",\"@id\":\"http:\/\/www.dinardopeningfestival.fr\/#organization\",\"name\":\"Festival Dinard Opening\",\"url\":\"http:\/\/www.dinardopeningfestival.fr\/\",\"sameAs\":[\"https:\/\/www.instagram.com\/dinardopening\/\",\"https:\/\/www.facebook.com\/DinardOpeningFestival\"],\"logo\":{\"@type\":\"ImageObject\",\"inLanguage\":\"fr-FR\",\"@id\":\"http:\/\/www.dinardopeningfestival.fr\/#\/schema\/logo\/image\/\",\"url\":\"https:\/\/www.dinardopeningfestival.fr\/wp-content\/uploads\/2021\/06\/Logo-Dinard-bleu-opening-rouge-1-scaled.jpg\",\"contentUrl\":\"https:\/\/www.dinardopeningfestival.fr\/wp-content\/uploads\/2021\/06\/Logo-Dinard-bleu-opening-rouge-1-scaled.jpg\",\"width\":2560,\"height\":1810,\"caption\":\"Festival Dinard Opening\"},\"image\":{\"@id\":\"http:\/\/www.dinardopeningfestival.fr\/#\/schema\/logo\/image\/\"}},{\"@type\":\"WebSite\",\"@id\":\"http:\/\/www.dinardopeningfestival.fr\/#website\",\"url\":\"http:\/\/www.dinardopeningfestival.fr\/\",\"name\":\"Festival Dinard Opening\",\"description\":\"Le Festival des Musiques Britanniques\",\"publisher\":{\"@id\":\"http:\/\/www.dinardopeningfestival.fr\/#organization\"},\"potentialAction\":[{\"@type\":\"SearchAction\",\"target\":{\"@type\":\"EntryPoint\",\"urlTemplate\":\"http:\/\/www.dinardopeningfestival.fr\/?s={search_term_string}\"},\"query-input\":\"required name=search_term_string\"}],\"inLanguage\":\"fr-FR\"},{\"@type\":\"ImageObject\",\"inLanguage\":\"fr-FR\",\"@id\":\"https:\/\/www.dinardopeningfestival.fr\/index.php\/concert-jeunes-talents\/#primaryimage\",\"url\":\"http:\/\/ygzvpgw.cluster030.hosting.ovh.net\/wp-content\/uploads\/2021\/06\/jeunes-talents-e1623240133679-1024x437.jpg\",\"contentUrl\":\"http:\/\/ygzvpgw.cluster030.hosting.ovh.net\/wp-content\/uploads\/2021\/06\/jeunes-talents-e1623240133679-1024x437.jpg\"},{\"@type\":\"WebPage\",\"@id\":\"https:\/\/www.dinardopeningfestival.fr\/index.php\/concert-jeunes-talents\/#webpage\",\"url\":\"https:\/\/www.dinardopeningfestival.fr\/index.php\/concert-jeunes-talents\/\",\"name\":\"Concert Jeunes Talents - Festival Dinard Opening\",\"isPartOf\":{\"@id\":\"http:\/\/www.dinardopeningfestival.fr\/#website\"},\"primaryImageOfPage\":{\"@id\":\"https:\/\/www.dinardopeningfestival.fr\/index.php\/concert-jeunes-talents\/#primaryimage\"},\"datePublished\":\"2021-06-02T14:04:51+00:00\",\"dateModified\":\"2021-08-04T07:51:35+00:00\",\"breadcrumb\":{\"@id\":\"https:\/\/www.dinardopeningfestival.fr\/index.php\/concert-jeunes-talents\/#breadcrumb\"},\"inLanguage\":\"fr-FR\",\"potentialAction\":[{\"@type\":\"ReadAction\",\"target\":[\"https:\/\/www.dinardopeningfestival.fr\/index.php\/concert-jeunes-talents\/\"]}]},{\"@type\":\"BreadcrumbList\",\"@id\":\"https:\/\/www.dinardopeningfestival.fr\/index.php\/concert-jeunes-talents\/#breadcrumb\",\"itemListElement\":[{\"@type\":\"ListItem\",\"position\":1,\"name\":\"Accueil\",\"item\":\"http:\/\/www.dinardopeningfestival.fr\/\"},{\"@type\":\"ListItem\",\"position\":2,\"name\":\"Concert Jeunes Talents\"}]}]}<\/script>\n<!-- \/ Yoast SEO plugin. -->","yoast_head_json":{"title":"Concert Jeunes Talents - Festival Dinard Opening","robots":{"index":"index","follow":"follow","max-snippet":"max-snippet:-1","max-image-preview":"max-image-preview:large","max-video-preview":"max-video-preview:-1"},"canonical":"https:\/\/www.dinardopeningfestival.fr\/index.php\/concert-jeunes-talents\/","og_locale":"fr_FR","og_type":"article","og_title":"Concert Jeunes Talents - Festival Dinard Opening","og_description":"QUATUOR \u00c9MERAUDE Tout au long de ces journ\u00e9es, on pourra entendre dans Dinard de jeunes artistes brillants, issus du CNSM de Paris. Bien qu\u2019encore \u00e9tudiants, ils jouissent d\u00e9j\u00e0 d\u2019une reconnaissance m\u00e9rit\u00e9e tels qu\u2019en t\u00e9moignent leurs parcours, les invitations \u00e0 se produire en solistes au sein d\u2019orchestres prestigieux, la confiance que leur ont accord\u00e9e diff\u00e9rentes fondations [&hellip;]","og_url":"https:\/\/www.dinardopeningfestival.fr\/index.php\/concert-jeunes-talents\/","og_site_name":"Festival Dinard Opening","article_publisher":"https:\/\/www.facebook.com\/DinardOpeningFestival","article_modified_time":"2021-08-04T07:51:35+00:00","og_image":[{"url":"http:\/\/ygzvpgw.cluster030.hosting.ovh.net\/wp-content\/uploads\/2021\/06\/jeunes-talents-e1623240133679-1024x437.jpg"}],"author":"admin4235","twitter_card":"summary_large_image","twitter_misc":{"Dur\u00e9e de lecture estim\u00e9e":"2 minutes"},"schema":{"@context":"https:\/\/schema.org","@graph":[{"@type":"Organization","@id":"http:\/\/www.dinardopeningfestival.fr\/#organization","name":"Festival Dinard Opening","url":"http:\/\/www.dinardopeningfestival.fr\/","sameAs":["https:\/\/www.instagram.com\/dinardopening\/","https:\/\/www.facebook.com\/DinardOpeningFestival"],"logo":{"@type":"ImageObject","inLanguage":"fr-FR","@id":"http:\/\/www.dinardopeningfestival.fr\/#\/schema\/logo\/image\/","url":"https:\/\/www.dinardopeningfestival.fr\/wp-content\/uploads\/2021\/06\/Logo-Dinard-bleu-opening-rouge-1-scaled.jpg","contentUrl":"https:\/\/www.dinardopeningfestival.fr\/wp-content\/uploads\/2021\/06\/Logo-Dinard-bleu-opening-rouge-1-scaled.jpg","width":2560,"height":1810,"caption":"Festival Dinard Opening"},"image":{"@id":"http:\/\/www.dinardopeningfestival.fr\/#\/schema\/logo\/image\/"}},{"@type":"WebSite","@id":"http:\/\/www.dinardopeningfestival.fr\/#website","url":"http:\/\/www.dinardopeningfestival.fr\/","name":"Festival Dinard Opening","description":"Le Festival des Musiques Britanniques","publisher":{"@id":"http:\/\/www.dinardopeningfestival.fr\/#organization"},"potentialAction":[{"@type":"SearchAction","target":{"@type":"EntryPoint","urlTemplate":"http:\/\/www.dinardopeningfestival.fr\/?s={search_term_string}"},"query-input":"required name=search_term_string"}],"inLanguage":"fr-FR"},{"@type":"ImageObject","inLanguage":"fr-FR","@id":"https:\/\/www.dinardopeningfestival.fr\/index.php\/concert-jeunes-talents\/#primaryimage","url":"http:\/\/ygzvpgw.cluster030.hosting.ovh.net\/wp-content\/uploads\/2021\/06\/jeunes-talents-e1623240133679-1024x437.jpg","contentUrl":"http:\/\/ygzvpgw.cluster030.hosting.ovh.net\/wp-content\/uploads\/2021\/06\/jeunes-talents-e1623240133679-1024x437.jpg"},{"@type":"WebPage","@id":"https:\/\/www.dinardopeningfestival.fr\/index.php\/concert-jeunes-talents\/#webpage","url":"https:\/\/www.dinardopeningfestival.fr\/index.php\/concert-jeunes-talents\/","name":"Concert Jeunes Talents - Festival Dinard Opening","isPartOf":{"@id":"http:\/\/www.dinardopeningfestival.fr\/#website"},"primaryImageOfPage":{"@id":"https:\/\/www.dinardopeningfestival.fr\/index.php\/concert-jeunes-talents\/#primaryimage"},"datePublished":"2021-06-02T14:04:51+00:00","dateModified":"2021-08-04T07:51:35+00:00","breadcrumb":{"@id":"https:\/\/www.dinardopeningfestival.fr\/index.php\/concert-jeunes-talents\/#breadcrumb"},"inLanguage":"fr-FR","potentialAction":[{"@type":"ReadAction","target":["https:\/\/www.dinardopeningfestival.fr\/index.php\/concert-jeunes-talents\/"]}]},{"@type":"BreadcrumbList","@id":"https:\/\/www.dinardopeningfestival.fr\/index.php\/concert-jeunes-talents\/#breadcrumb","itemListElement":[{"@type":"ListItem","position":1,"name":"Accueil","item":"http:\/\/www.dinardopeningfestival.fr\/"},{"@type":"ListItem","position":2,"name":"Concert Jeunes Talents"}]}]}},"_links":{"self":[{"href":"https:\/\/www.dinardopeningfestival.fr\/index.php\/wp-json\/wp\/v2\/pages\/60","targetHints":{"allow":["GET"]}}],"collection":[{"href":"https:\/\/www.dinardopeningfestival.fr\/index.php\/wp-json\/wp\/v2\/pages"}],"about":[{"href":"https:\/\/www.dinardopeningfestival.fr\/index.php\/wp-json\/wp\/v2\/types\/page"}],"author":[{"embeddable":true,"href":"https:\/\/www.dinardopeningfestival.fr\/index.php\/wp-json\/wp\/v2\/users\/1"}],"replies":[{"embeddable":true,"href":"https:\/\/www.dinardopeningfestival.fr\/index.php\/wp-json\/wp\/v2\/comments?post=60"}],"version-history":[{"count":20,"href":"https:\/\/www.dinardopeningfestival.fr\/index.php\/wp-json\/wp\/v2\/pages\/60\/revisions"}],"predecessor-version":[{"id":747,"href":"https:\/\/www.dinardopeningfestival.fr\/index.php\/wp-json\/wp\/v2\/pages\/60\/revisions\/747"}],"wp:attachment":[{"href":"https:\/\/www.dinardopeningfestival.fr\/index.php\/wp-json\/wp\/v2\/media?parent=60"}],"curies":[{"name":"wp","href":"https:\/\/api.w.org\/{rel}","templated":true}]}}